000
CDUS41 KBTV 260552
CLIMSS


CLIMATE REPORT
NATIONAL WEATHER SERVICE BURLINGTON VT
139 AM EDT SUN APR 26 2015


...................................

...THE MASSENA NY CLIMATE SUMMARY FOR APRIL 25 2015...

CLIMATE NORMAL PERIOD 1981 TO 2010
CLIMATE RECORD PERIOD 1948 TO 2015


WEATHER ITEM   OBSERVED TIME   RECORD YEAR NORMAL DEPARTURE LAST
                VALUE   (LST)  VALUE       VALUE  FROM      YEAR
                                                  NORMAL
..................................................................
TEMPERATURE (F)
 YESTERDAY
  MAXIMUM         52    318 PM  83    2009  59     -7       57
  MINIMUM         28    525 AM  21    1974  37     -9       25
  AVERAGE         40                        48     -8       41

PRECIPITATION (IN)
  YESTERDAY        0.00          0.96        0.09  -0.09      T
  MONTH TO DATE    2.48                      2.33   0.15     2.72
  SINCE MAR 1      3.02                      4.42  -1.40     3.63
  SINCE JAN 1      4.44                      8.37  -3.93     6.37

DEGREE DAYS
 HEATING
  YESTERDAY       25                        17      8       24
  MONTH TO DATE  567                       570     -3      607
  SINCE MAR 1   1862                      1714    148     2035
  SINCE JUL 1   8028                      7701    327     8204

 COOLING
  YESTERDAY        0                         0      0        0
  MONTH TO DATE    0                         0      0        0
  SINCE MAR 1      0                         0      0        0
  SINCE JAN 1      0                         0      0        0
..................................................................


WIND (MPH)
  HIGHEST WIND SPEED    17   HIGHEST WIND DIRECTION     W (250)
  HIGHEST GUST SPEED    22   HIGHEST GUST DIRECTION     W (250)
  AVERAGE WIND SPEED     7.7


SKY COVER
  AVERAGE SKY COVER 0.6


WEATHER CONDITIONS
 THE FOLLOWING WEATHER WAS RECORDED YESTERDAY.
  NO SIGNIFICANT WEATHER WAS OBSERVED.


RELATIVE HUMIDITY (PERCENT)
 HIGHEST    69           300 AM
 LOWEST     46           300 PM
 AVERAGE    58

..........................................................


THE MASSENA NY CLIMATE NORMALS FOR TODAY
                         NORMAL    RECORD    YEAR
 MAXIMUM TEMPERATURE (F)   60        85      1990
 MINIMUM TEMPERATURE (F)   37        22      1972


SUNRISE AND SUNSET
APRIL 26 2015.........SUNRISE   557 AM EDT   SUNSET   758 PM EDT
APRIL 27 2015.........SUNRISE   555 AM EDT   SUNSET   759 PM EDT


-  INDICATES NEGATIVE NUMBERS.
R  INDICATES RECORD WAS SET OR TIED.
MM INDICATES DATA IS MISSING.
T  INDICATES TRACE AMOUNT.




$$
