000
CDUS41 KBTV 060535
CLIMVL

CLIMATE REPORT
NATIONAL WEATHER SERVICE BURLINGTON VT
133 AM EDT WED MAY 6 2015

...................................

...THE MORRISVILLE VT CLIMATE SUMMARY FOR MAY 5 2015...

CLIMATE NORMAL PERIOD 1981 TO 2010
CLIMATE RECORD PERIOD 9999 TO 9999


WEATHER ITEM   OBSERVED TIME   NORMAL DEPARTURE LAST
                VALUE   (LST)  VALUE  FROM      YEAR
                                      NORMAL
......................................................
TEMPERATURE (F)
 YESTERDAY
  MAXIMUM         69    207 PM  64      5       48
  MINIMUM         42   1154 PM  38      4       42
  AVERAGE         56            50      6       45

PRECIPITATION (IN)
  YESTERDAY        T             0.10  -0.10      T
  MONTH TO DATE    0.02          0.45  -0.43     0.68
  SINCE MAR 1      1.52          4.52  -3.00     6.13
  SINCE JAN 1      2.64          8.80  -6.16    10.73

DEGREE DAYS
 HEATING
  YESTERDAY        9            15     -6       20
  MONTH TO DATE   50            77    -27       76
  SINCE MAR 1   2066          1897    169     2235
  SINCE JUL 1   7748          7857   -109     8289

 COOLING
  YESTERDAY        0             0      0        0
  MONTH TO DATE    0             0      0        0
  SINCE MAR 1      0             1     -1        0
  SINCE JAN 1      0             1     -1        0
......................................................


WIND (MPH)
  HIGHEST WIND SPEED    16   HIGHEST WIND DIRECTION     N (350)
  HIGHEST GUST SPEED    21   HIGHEST GUST DIRECTION     N (10)
  AVERAGE WIND SPEED     6.9


SKY COVER
  AVERAGE SKY COVER 0.2


WEATHER CONDITIONS
 THE FOLLOWING WEATHER WAS RECORDED YESTERDAY.
  LIGHT RAIN
  FOG


RELATIVE HUMIDITY (PERCENT)
 HIGHEST    87          1200 AM
 LOWEST     18           200 PM
 AVERAGE    53

..........................................................


THE MORRISVILLE VT CLIMATE NORMALS FOR TODAY
                         NORMAL    RECORD    YEAR
 MAXIMUM TEMPERATURE (F)   64        80      2013
 MINIMUM TEMPERATURE (F)   38        27      2001


SUNRISE AND SUNSET
MAY  6 2015...........SUNRISE   534 AM EDT   SUNSET   801 PM EDT
MAY  7 2015...........SUNRISE   533 AM EDT   SUNSET   802 PM EDT


-  INDICATES NEGATIVE NUMBERS.
R  INDICATES RECORD WAS SET OR TIED.
MM INDICATES DATA IS MISSING.
T  INDICATES TRACE AMOUNT.

$$
