000
CDUS46 KMTR 180026
CLINUQ


CLIMATE REPORT
NATIONAL WEATHER SERVICE SAN FRANCISCO BAY AREA
526 PM PDT FRI APR 17 2015


...................................

...THE MOFFETT FIELD CLIMATE SUMMARY FOR APRIL 17 2015...
VALID TODAY AS OF 0500 PM LOCAL TIME.

CLIMATE NORMAL PERIOD 1981 TO 2010
CLIMATE RECORD PERIOD 1945 TO 2015


WEATHER ITEM   OBSERVED TIME   RECORD YEAR NORMAL DEPARTURE LAST
                VALUE   (LST)  VALUE       VALUE  FROM      YEAR
                                                  NORMAL
..................................................................
TEMPERATURE (F)
 TODAY
  MAXIMUM         75    221 PM  83    1954  69      6       70
  MINIMUM         51    545 AM  38    1975  50      1       53
  AVERAGE         63                        59      4       62

PRECIPITATION (IN)
  TODAY            0.00          0.47 1957   0.04  -0.04     0.00
  MONTH TO DATE    0.60                      0.61  -0.01     0.58
  SINCE OCT 1     13.20                     13.53  -0.33     5.66
  SINCE JAN 1      3.21                      8.69  -5.48     4.90

DEGREE DAYS
 HEATING
  TODAY            2                                         3
  MONTH TO DATE  109                                        75
  SINCE MAR 1    262                                       229
  SINCE JUL 1   1367                                      1687

 COOLING
  TODAY            0                                         0
  MONTH TO DATE    1                                         7
  SINCE MAR 1      9                                        11
  SINCE JAN 1      9                                        11
..................................................................


WIND (MPH)
  RESULTANT WIND SPEED   3   RESULTANT WIND DIRECTION   N (350)
  HIGHEST WIND SPEED    16   HIGHEST WIND DIRECTION     N (350)
  HIGHEST GUST SPEED    20   HIGHEST GUST DIRECTION     N (350)
  AVERAGE WIND SPEED     4.7


SKY COVER
  POSSIBLE SUNSHINE  MM
  AVERAGE SKY COVER 0.0


WEATHER CONDITIONS
 THE FOLLOWING WEATHER WAS RECORDED TODAY.
  NO SIGNIFICANT WEATHER WAS OBSERVED.


RELATIVE HUMIDITY (PERCENT)
 HIGHEST    54           300 AM
 LOWEST     21           100 PM
 AVERAGE    38

..........................................................


THE MOFFETT FIELD CLIMATE NORMALS FOR TOMORROW
                         NORMAL    RECORD    YEAR
 MAXIMUM TEMPERATURE (F)   69        83      1950
 MINIMUM TEMPERATURE (F)   50        42      2004


SUNRISE AND SUNSET
APRIL 17 2015.........SUNRISE   631 AM PDT   SUNSET   745 PM PDT
APRIL 18 2015.........SUNRISE   630 AM PDT   SUNSET   746 PM PDT


-  INDICATES NEGATIVE NUMBERS.
R  INDICATES RECORD WAS SET OR TIED.
MM INDICATES DATA IS MISSING.
T  INDICATES TRACE AMOUNT.




$$
