000
CDUS41 KOKX 250626
CLINYC


CLIMATE REPORT
NATIONAL WEATHER SERVICE NEW YORK NY
225 AM EDT SAT APR 25 2015


...................................

...THE CENTRAL PARK NY CLIMATE SUMMARY FOR APRIL 24 2015...

CLIMATE NORMAL PERIOD 1981 TO 2010
CLIMATE RECORD PERIOD 1869 TO 2015


WEATHER ITEM   OBSERVED TIME   RECORD YEAR NORMAL DEPARTURE LAST
                VALUE   (LST)  VALUE       VALUE  FROM      YEAR
                                                  NORMAL
..................................................................
TEMPERATURE (F)
 YESTERDAY
  MAXIMUM         52    324 PM  87    2001  64    -12       62
  MINIMUM         39   1159 PM  31    1930  48     -9       42
  AVERAGE         46                        56    -10       52

PRECIPITATION (IN)
  YESTERDAY        0.00          2.17 1968   0.14  -0.14     0.00
  MONTH TO DATE    2.08                      3.66  -1.58     1.91
  SINCE MAR 1      6.80                      8.02  -1.22     5.58
  SINCE JAN 1     14.07                     14.76  -0.69    13.85

SNOWFALL (IN)
  YESTERDAY        0.0           0.5  1883   0.0    0.0      0.0
  MONTH TO DATE    0.0                       0.6   -0.6       T
  SINCE OCT 1     50.3                      25.8   24.5     57.4
  SINCE JUL 1     50.3                      25.8   24.5     57.4
  SNOW DEPTH       0

DEGREE DAYS
 HEATING
  YESTERDAY       19                        10      9       13
  MONTH TO DATE  273                       319    -46      302
  SINCE MAR 1   1099                      1019     80     1144
  SINCE JUL 1   4858                      4541    317     4814

 COOLING
  YESTERDAY        0                         1     -1        0
  MONTH TO DATE    5                         3      2        4
  SINCE MAR 1      5                         4      1        4
  SINCE JAN 1      5                         4      1        4
..................................................................


WIND (MPH)
  HIGHEST WIND SPEED    17   HIGHEST WIND DIRECTION    NW (310)
  HIGHEST GUST SPEED    33   HIGHEST GUST DIRECTION     N (20)
  AVERAGE WIND SPEED     8.6


SKY COVER
  AVERAGE SKY COVER 0.6


WEATHER CONDITIONS
 THE FOLLOWING WEATHER WAS RECORDED YESTERDAY.
  NO SIGNIFICANT WEATHER WAS OBSERVED.


RELATIVE HUMIDITY (PERCENT)
 HIGHEST    44           500 AM
 LOWEST     26           300 PM
 AVERAGE    35

..........................................................


THE CENTRAL PARK NY CLIMATE NORMALS FOR TODAY
                         NORMAL    RECORD    YEAR
 MAXIMUM TEMPERATURE (F)   65        91      1915
 MINIMUM TEMPERATURE (F)   48        29      1919


SUNRISE AND SUNSET
APRIL 25 2015.........SUNRISE   603 AM EDT   SUNSET   746 PM EDT
APRIL 26 2015.........SUNRISE   601 AM EDT   SUNSET   747 PM EDT


-  INDICATES NEGATIVE NUMBERS.
R  INDICATES RECORD WAS SET OR TIED.
MM INDICATES DATA IS MISSING.
T  INDICATES TRACE AMOUNT.




$$
