000
CDUS43 KOAX 250646
CLIOFK


CLIMATE REPORT
NATIONAL WEATHER SERVICE OMAHA NEBRASKA
145 AM CDT SAT APR 25 2015


...................................

...THE NORFOLK, NEBRASKA CLIMATE SUMMARY FOR APRIL 24 2015...

CLIMATE NORMAL PERIOD 1981 TO 2010
CLIMATE RECORD PERIOD 1888 TO 2015


WEATHER ITEM   OBSERVED TIME   RECORD YEAR NORMAL DEPARTURE LAST
                VALUE   (LST)  VALUE       VALUE  FROM      YEAR
                                                  NORMAL
..................................................................
TEMPERATURE (F)
 YESTERDAY
  MAXIMUM         74    255 PM  90    2012  65      9       69
  MINIMUM         51    738 AM  20    1956  41     10       43
  AVERAGE         63                        53     10       56

PRECIPITATION (IN)
  YESTERDAY        0.01          2.12 2007   0.10  -0.09     0.75
  MONTH TO DATE    1.92                      2.05  -0.13     2.62
  SINCE MAR 1      2.74                      3.82  -1.08     2.99
  SINCE JAN 1      3.62                      5.17  -1.55     3.55

SNOWFALL (IN)
  YESTERDAY        0.0                       0.1   -0.1      0.0
  MONTH TO DATE    0.2                       2.4   -2.2      4.5
  SINCE JUL 1     20.7                      30.3   -9.6     19.9
  SNOW DEPTH       0

DEGREE DAYS
 HEATING
  YESTERDAY        2                        13    -11        9
  MONTH TO DATE  302                       404   -102      377
  SINCE MAR 1    985                      1260   -275     1321
  SINCE JUL 1   6031                      6353   -322     6671

 COOLING
  YESTERDAY        0                         1     -1        0
  MONTH TO DATE    5                         6     -1        1
  SINCE MAR 1      5                         6     -1        1
  SINCE JAN 1      5                         6     -1        1
..................................................................


WIND (MPH)
  HIGHEST WIND SPEED    23   HIGHEST WIND DIRECTION     S (160)
  HIGHEST GUST SPEED    28   HIGHEST GUST DIRECTION     S (160)
  AVERAGE WIND SPEED    13.8


SKY COVER
  POSSIBLE SUNSHINE  MM
  AVERAGE SKY COVER 0.5


WEATHER CONDITIONS
 THE FOLLOWING WEATHER WAS RECORDED YESTERDAY.
  THUNDERSTORM
  LIGHT RAIN


RELATIVE HUMIDITY (PERCENT)
 HIGHEST    83           800 AM
 LOWEST     40          1200 AM
 AVERAGE    62

..........................................................


THE NORFOLK, NEBRASKA CLIMATE NORMALS FOR TODAY
                         NORMAL    RECORD    YEAR
 MAXIMUM TEMPERATURE (F)   66        93      1981
 MINIMUM TEMPERATURE (F)   41        25      1934


SUNRISE AND SUNSET
APRIL 25 2015.........SUNRISE   634 AM CDT   SUNSET   822 PM CDT
APRIL 26 2015.........SUNRISE   633 AM CDT   SUNSET   823 PM CDT


-  INDICATES NEGATIVE NUMBERS.
R  INDICATES RECORD WAS SET OR TIED.
MM INDICATES DATA IS MISSING.
T  INDICATES TRACE AMOUNT.




$$
