000
CDUS46 KMFR 050836
CLIOTH


CLIMATE REPORT
NATIONAL WEATHER SERVICE MEDFORD, OR
136 AM PDT TUE MAY 5 2015


...................................

...THE NORTH BEND OR CLIMATE SUMMARY FOR MAY 4 2015...

CLIMATE NORMAL PERIOD 1981 TO 2010
CLIMATE RECORD PERIOD 1902 TO 2015


WEATHER ITEM   OBSERVED TIME   RECORD YEAR NORMAL DEPARTURE LAST
                VALUE   (LST)  VALUE       VALUE  FROM      YEAR
                                                  NORMAL
..................................................................
TEMPERATURE (F)
 YESTERDAY
  MAXIMUM         57        MM  86    2013  58     -1       61
  MINIMUM         48        MM  29    1918  45      3       52
  AVERAGE         53                        52      1       57

PRECIPITATION (IN)
  YESTERDAY        0.00          1.20 1979   0.12  -0.12     0.15
  MONTH TO DATE    0.00                      0.48  -0.48     0.27
  SINCE OCT 1     41.94                     57.35 -15.41    25.51
  SINCE JAN 1     18.64                     31.26 -12.62    19.89

SNOWFALL (IN)
  YESTERDAY       MM
  SNOW DEPTH      MM

DEGREE DAYS
 HEATING
  YESTERDAY       12                        14     -2        8
  MONTH TO DATE   52                        56     -4       26
  SINCE MAR 1    905                      1068   -163      862
  SINCE JUL 1   3009                      4242  -1233     3659

 COOLING
  YESTERDAY        0                         0      0        0
  MONTH TO DATE    0                         0      0        2
  SINCE MAR 1      0                         0      0       10
  SINCE JAN 1      0                         0      0       10
..................................................................


WIND (MPH)
  HIGHEST WIND SPEED     9   HIGHEST WIND DIRECTION     W (280)
  HIGHEST GUST SPEED    MM   HIGHEST GUST DIRECTION    MM
  AVERAGE WIND SPEED     4.6


SKY COVER
  POSSIBLE SUNSHINE   0 PERCENT
  AVERAGE SKY COVER 0.0


WEATHER CONDITIONS
 THE FOLLOWING WEATHER WAS RECORDED YESTERDAY.
  NO SIGNIFICANT WEATHER WAS OBSERVED.


RELATIVE HUMIDITY (PERCENT)
 HIGHEST     0          1200 AM
 LOWEST      0          1200 AM

..........................................................


THE NORTH BEND OR CLIMATE NORMALS FOR TODAY
                         NORMAL    RECORD    YEAR
 MAXIMUM TEMPERATURE (F)   58        84      2013
 MINIMUM TEMPERATURE (F)   45        31      1909


SUNRISE AND SUNSET
MAY  5 2015...........SUNRISE   605 AM PDT   SUNSET   823 PM PDT
MAY  6 2015...........SUNRISE   603 AM PDT   SUNSET   825 PM PDT


-  INDICATES NEGATIVE NUMBERS.
R  INDICATES RECORD WAS SET OR TIED.
MM INDICATES DATA IS MISSING.
T  INDICATES TRACE AMOUNT.




$$
