000
CDUS43 KDDC 251009
CLIP28


CLIMATE REPORT
NATIONAL WEATHER SERVICE DODGE CITY KS
508 AM CDT SAT APR 25 2015


...................................

...THE MEDICINE LODGE KS CLIMATE SUMMARY FOR APRIL 24 2015...

CLIMATE NORMAL PERIOD 1981 TO 2010
CLIMATE RECORD PERIOD 1893 TO 2015


WEATHER ITEM   OBSERVED TIME   RECORD YEAR NORMAL DEPARTURE LAST
                VALUE   (LST)  VALUE       VALUE  FROM      YEAR
                                                  NORMAL
..................................................................
TEMPERATURE (F)
 YESTERDAY
  MAXIMUM         82    310 PM  94    2012  71     11       73
                                      1989
  MINIMUM         57    458 AM  25    2013  47     10       45
  AVERAGE         70                        59     11       59

PRECIPITATION (IN)
  YESTERDAY        0.01          2.34 1897   0.10  -0.09     0.08
  MONTH TO DATE    3.23                      1.84   1.39     0.63
  SINCE MAR 1      3.61                      4.10  -0.49     1.12
  SINCE JAN 1      4.92                      5.85  -0.93     2.07

SNOWFALL (IN)
  YESTERDAY        0.0          MM      MM   0.0             0.0
  MONTH TO DATE    0.0                       0.0             1.5
  SINCE MAR 1      0.3                       0.1             5.5
  SINCE JUL 1     13.2                       8.5            28.5
  SNOW DEPTH       0

DEGREE DAYS
 HEATING
  YESTERDAY        0                         7     -7        6
  MONTH TO DATE  141                       253   -112      226
  SINCE MAR 1    601                       821   -220      950
  SINCE JUL 1   4175                      4350   -175     4901

 COOLING
  YESTERDAY        5                         1      4        0
  MONTH TO DATE   30                        16     14       20
  SINCE MAR 1     30                        18     12       20
  SINCE JAN 1     30                        18     12       20
..................................................................


WIND (MPH)
  HIGHEST WIND SPEED    30   HIGHEST WIND DIRECTION     S (190)
  HIGHEST GUST SPEED    39   HIGHEST GUST DIRECTION     S (190)
  AVERAGE WIND SPEED    14.1




RELATIVE HUMIDITY (PERCENT)
 HIGHEST   100          1200 AM
 LOWEST     40           300 PM
 AVERAGE    70

..........................................................


THE MEDICINE LODGE KS CLIMATE NORMALS FOR TODAY
                         NORMAL    RECORD    YEAR
 MAXIMUM TEMPERATURE (F)   72        96      2012
 MINIMUM TEMPERATURE (F)   47        29      1910


SUNRISE AND SUNSET
APRIL 25 2015.........SUNRISE   647 AM CDT   SUNSET   818 PM CDT
APRIL 26 2015.........SUNRISE   646 AM CDT   SUNSET   819 PM CDT


-  INDICATES NEGATIVE NUMBERS.
R  INDICATES RECORD WAS SET OR TIED.
MM INDICATES DATA IS MISSING.
T  INDICATES TRACE AMOUNT.




$$
