000
CDUS45 KLKN 200027
CLIP68


CLIMATE REPORT
NATIONAL WEATHER SERVICE ELKO NV
527 PM PDT SUN APR 19 2015


...................................

...THE EUREKA AIRPORT NV CLIMATE SUMMARY FOR APRIL 19 2015...
VALID TODAY AS OF 0500 PM LOCAL TIME.

CLIMATE NORMAL PERIOD 1981 TO 2010
CLIMATE RECORD PERIOD 1963 TO 2015


WEATHER ITEM   OBSERVED TIME   RECORD YEAR NORMAL DEPARTURE LAST
                VALUE   (LST)  VALUE       VALUE  FROM      YEAR
                                                  NORMAL
..................................................................
TEMPERATURE (F)
 TODAY
  MAXIMUM         70    321 PM  79    1989  60     10       71
  MINIMUM         22    436 AM  12    2007  29     -7       37
                                      1987
  AVERAGE         46                        44      2       54

PRECIPITATION (IN)
  TODAY            0.00          0.38 1964   0.04  -0.04     0.00
  MONTH TO DATE    0.24                      0.60  -0.36     0.13
  SINCE OCT 1      2.26                      5.26  -3.00     4.87
  SINCE JAN 1      1.14                      3.13  -1.99     2.47

DEGREE DAYS
 HEATING
  TODAY           19                        21     -2       11
  MONTH TO DATE  452                       438     14      362
  SINCE MAR 1   1092                      1309   -217     1140
  SINCE JUL 1   5135                      6594  -1459     5944

 COOLING
  TODAY            0                         0      0        0
  MONTH TO DATE    0                         0      0        0
  SINCE MAR 1      0                         0      0        0
  SINCE JAN 1      0                         0      0        0
..................................................................


WIND (MPH)
  HIGHEST WIND SPEED    18   HIGHEST WIND DIRECTION     N (20)
  HIGHEST GUST SPEED    24   HIGHEST GUST DIRECTION     N (20)




RELATIVE HUMIDITY (PERCENT)
 HIGHEST    60           500 AM
 LOWEST      8           200 PM
 AVERAGE    34

..........................................................


THE EUREKA AIRPORT NV CLIMATE NORMALS FOR TOMORROW
                         NORMAL    RECORD    YEAR
 MAXIMUM TEMPERATURE (F)   60        82      1994
 MINIMUM TEMPERATURE (F)   29         4      1966


SUNRISE AND SUNSET
APRIL 19 2015.........SUNRISE   601 AM PDT   SUNSET   726 PM PDT
APRIL 20 2015.........SUNRISE   600 AM PDT   SUNSET   727 PM PDT


-  INDICATES NEGATIVE NUMBERS.
R  INDICATES RECORD WAS SET OR TIED.
MM INDICATES DATA IS MISSING.
T  INDICATES TRACE AMOUNT.




$$
