000
CDUS46 KPQR 211144
CLIPDX


CLIMATE REPORT
NATIONAL WEATHER SERVICE PORTLAND OREGON
444 AM PDT TUE APR 21 2015


...................................

...THE PORTLAND OR CLIMATE SUMMARY FOR APRIL 20 2015...

CLIMATE NORMAL PERIOD 1981 TO 2010
CLIMATE RECORD PERIOD 1940 TO 2015


WEATHER ITEM   OBSERVED TIME   RECORD YEAR NORMAL DEPARTURE LAST
                VALUE   (LST)  VALUE       VALUE  FROM      YEAR
                                                  NORMAL
..................................................................
TEMPERATURE (F)
 YESTERDAY
  MAXIMUM         81    359 PM  84    1956  62     19       64
  MINIMUM         48    625 AM  33    1975  44      4       43
  AVERAGE         65                        53     12       54

PRECIPITATION (IN)
  YESTERDAY        0.00          0.59 1958   0.09  -0.09      T
  MONTH TO DATE    1.47                      1.91  -0.44     1.32
  SINCE OCT 1     28.20                     28.25  -0.05    22.48
  SINCE JAN 1     13.22                     14.13  -0.91    16.66

DEGREE DAYS
 HEATING
  YESTERDAY        0                        12    -12       11
  MONTH TO DATE  255                       271    -16      223
  SINCE MAR 1    637                       793   -156      707
  SINCE JUL 1   3109                      3851   -742     4005

 COOLING
  YESTERDAY        0                         0      0        0
  MONTH TO DATE    0                         0      0        0
  SINCE MAR 1      0                         0      0        0
  SINCE JAN 1      0                         0      0        0
..................................................................


WIND (MPH)
  HIGHEST WIND SPEED    14   HIGHEST WIND DIRECTION    NW (320)
  HIGHEST GUST SPEED    19   HIGHEST GUST DIRECTION    NW (310)
  AVERAGE WIND SPEED     4.4


SKY COVER
  POSSIBLE SUNSHINE  MM
  AVERAGE SKY COVER 0.2


WEATHER CONDITIONS
 THE FOLLOWING WEATHER WAS RECORDED YESTERDAY.
  NO SIGNIFICANT WEATHER WAS OBSERVED.


RELATIVE HUMIDITY (PERCENT)
 HIGHEST    93           500 AM
 LOWEST     23           300 PM
 AVERAGE    58

..........................................................


THE PORTLAND OR CLIMATE NORMALS FOR TODAY
                         NORMAL    RECORD    YEAR
 MAXIMUM TEMPERATURE (F)   62        82      2009
 MINIMUM TEMPERATURE (F)   44        29      1951


SUNRISE AND SUNSET
APRIL 21 2015.........SUNRISE   615 AM PDT   SUNSET   804 PM PDT
APRIL 22 2015.........SUNRISE   613 AM PDT   SUNSET   806 PM PDT


-  INDICATES NEGATIVE NUMBERS.
R  INDICATES RECORD WAS SET OR TIED.
MM INDICATES DATA IS MISSING.
T  INDICATES TRACE AMOUNT.




$$
