000
CDUS43 KILX 260637
CLIPIA


CLIMATE REPORT
NATIONAL WEATHER SERVICE LINCOLN IL
136 AM CDT SUN APR 26 2015


...................................

...THE PEORIA IL CLIMATE SUMMARY FOR APRIL 25 2015...

CLIMATE NORMAL PERIOD 1981 TO 2010
CLIMATE RECORD PERIOD 1883 TO 2015


WEATHER ITEM   OBSERVED TIME   RECORD YEAR NORMAL DEPARTURE LAST
                VALUE   (LST)  VALUE       VALUE  FROM      YEAR
                                                  NORMAL
..................................................................
TEMPERATURE (F)
 YESTERDAY
  MAXIMUM         56   1248 AM  92    1986  67    -11       75
  MINIMUM         47   1159 PM  28    1934  45      2       47
                                      1919
  AVERAGE         52                        56     -4       61

PRECIPITATION (IN)
  YESTERDAY        0.88          1.44 1979   0.13   0.75     0.02
  MONTH TO DATE    3.38                      2.98   0.40     2.84
  SINCE MAR 1      4.03                      5.78  -1.75     4.78
  SINCE JAN 1      7.75                      9.35  -1.60     9.65

SNOWFALL (IN)
  YESTERDAY        0.0           T    1937   0.0    0.0      0.0
                                      1907
  MONTH TO DATE    0.0                       0.6   -0.6      0.3
  SINCE MAR 1      2.7                       3.3   -0.6      7.4
  SINCE JUL 1     27.0                      24.6    2.4     57.6
  SNOW DEPTH       0

DEGREE DAYS
 HEATING
  YESTERDAY       13                        10      3        4
  MONTH TO DATE  219                       350   -131      320
  SINCE MAR 1    962                      1106   -144     1254
  SINCE JUL 1   5668                      5622     46     6433

 COOLING
  YESTERDAY        0                         1     -1        0
  MONTH TO DATE   11                         8      3        6
  SINCE MAR 1     11                         9      2        6
  SINCE JAN 1     11                         9      2        6
..................................................................


WIND (MPH)
  HIGHEST WIND SPEED    24   HIGHEST WIND DIRECTION    NE (60)
  HIGHEST GUST SPEED    31   HIGHEST GUST DIRECTION    NE (60)
  AVERAGE WIND SPEED    13.1


SKY COVER
  POSSIBLE SUNSHINE  MM
  AVERAGE SKY COVER 1.0


WEATHER CONDITIONS
 THE FOLLOWING WEATHER WAS RECORDED YESTERDAY.
  THUNDERSTORM
  HEAVY RAIN
  RAIN
  LIGHT RAIN
  FOG
  HAZE


RELATIVE HUMIDITY (PERCENT)
 HIGHEST    93           900 AM
 LOWEST     59          1200 AM
 AVERAGE    76

..........................................................


THE PEORIA IL CLIMATE NORMALS FOR TODAY
                         NORMAL    RECORD    YEAR
 MAXIMUM TEMPERATURE (F)   67        90      1986
 MINIMUM TEMPERATURE (F)   45        29      1919


SUNRISE AND SUNSET
APRIL 26 2015.........SUNRISE   604 AM CDT   SUNSET   749 PM CDT
APRIL 27 2015.........SUNRISE   603 AM CDT   SUNSET   750 PM CDT


-  INDICATES NEGATIVE NUMBERS.
R  INDICATES RECORD WAS SET OR TIED.
MM INDICATES DATA IS MISSING.
T  INDICATES TRACE AMOUNT.




$$
