000
CDUS45 KPIH 181305
CLIPIH


CLIMATE REPORT
NATIONAL WEATHER SERVICE POCATELLO ID
705 AM MDT SAT APR 18 2015


...................................

...THE POCATELLO ID CLIMATE SUMMARY FOR APRIL 17 2015...

CLIMATE NORMAL PERIOD 1981 TO 2010
CLIMATE RECORD PERIOD 1939 TO 2015


WEATHER ITEM   OBSERVED TIME   RECORD YEAR NORMAL DEPARTURE LAST
                VALUE   (LST)  VALUE       VALUE  FROM      YEAR
                                                  NORMAL
..................................................................
TEMPERATURE (F)
 YESTERDAY
  MAXIMUM         67    416 PM  83    1994  59      8       68
  MINIMUM         30    624 AM  18    2013  33     -3       29
  AVERAGE         49                        46      3       49

PRECIPITATION (IN)
  YESTERDAY        0.00          0.48 2006   0.04  -0.04      T
  MONTH TO DATE    0.39                      0.61  -0.22     0.38
  SINCE OCT 1      4.13                      7.05  -2.92     5.75
  SINCE JAN 1      1.74                      3.83  -2.09     4.38

SNOWFALL (IN)
  YESTERDAY        0.0
  MONTH TO DATE    2.9
  SINCE MAR 1      5.5
  SINCE JUL 1     20.3
  SNOW DEPTH       0

DEGREE DAYS
 HEATING
  YESTERDAY       16                        19     -3       16
  MONTH TO DATE  370                       356     14      329
  SINCE MAR 1   1007                      1195   -188     1060
  SINCE JUL 1   5348                      6468  -1120     6040

 COOLING
  YESTERDAY        0                         0      0        0
  MONTH TO DATE    0                         0      0        0
  SINCE MAR 1      0                         0      0        0
  SINCE JAN 1      0                         0      0        0
..................................................................


WIND (MPH)
  HIGHEST WIND SPEED    16   HIGHEST WIND DIRECTION    SW (210)
  HIGHEST GUST SPEED    21   HIGHEST GUST DIRECTION    SW (220)
  AVERAGE WIND SPEED     7.1


SKY COVER
  POSSIBLE SUNSHINE  MM
  AVERAGE SKY COVER 0.0


WEATHER CONDITIONS
 THE FOLLOWING WEATHER WAS RECORDED YESTERDAY.
  NO SIGNIFICANT WEATHER WAS OBSERVED.


RELATIVE HUMIDITY (PERCENT)
 HIGHEST    92           600 AM
 LOWEST     16           600 PM
 AVERAGE    54

..........................................................


THE POCATELLO ID CLIMATE NORMALS FOR TODAY
                         NORMAL    RECORD    YEAR
 MAXIMUM TEMPERATURE (F)   59        84      1994
 MINIMUM TEMPERATURE (F)   33        13      2013


SUNRISE AND SUNSET
APRIL 18 2015.........SUNRISE   644 AM MDT   SUNSET   816 PM MDT
APRIL 19 2015.........SUNRISE   643 AM MDT   SUNSET   817 PM MDT


-  INDICATES NEGATIVE NUMBERS.
R  INDICATES RECORD WAS SET OR TIED.
MM INDICATES DATA IS MISSING.
T  INDICATES TRACE AMOUNT.




$$
