000
CDUS41 KPBZ 050725
CLIPIT

CLIMATE REPORT
NATIONAL WEATHER SERVICE PITTSBURGH PA
325 AM EDT TUE MAY 5 2015

...................................

...THE PITTSBURGH PA CLIMATE SUMMARY FOR MAY 4 2015...

CLIMATE NORMAL PERIOD 1981 TO 2010
CLIMATE RECORD PERIOD 1871 TO 2015

WEATHER ITEM   OBSERVED TIME   RECORD YEAR NORMAL DEPARTURE LAST
                VALUE   (LST)  VALUE       VALUE  FROM      YEAR
                                                  NORMAL
..................................................................
TEMPERATURE (F)
 YESTERDAY
  MAXIMUM         82    401 PM  90    1883  68     14       64
  MINIMUM         50    620 AM  30    1971  46      4       42
  AVERAGE         66                        57      9       53

PRECIPITATION (IN)
  YESTERDAY        0.01          1.16 1958   0.11  -0.10      T
  MONTH TO DATE    0.02                      0.43  -0.41     0.08
  SINCE JUN 1     33.53                     34.67  -1.14    35.16
  SINCE JAN 1     11.78                     11.58   0.20    10.85

SNOWFALL (IN)
  YESTERDAY        0.0           T    1973   0.0    0.0      0.0
  MONTH TO DATE    0.0                       0.0    0.0      0.0
  SINCE OCT 1     47.5                      41.9    5.6     63.4
  SINCE JUL 1     47.5                      41.9    5.6     63.4
  SNOW DEPTH       0

DEGREE DAYS
 HEATING
  YESTERDAY        0                         9     -9       12
  MONTH TO DATE   15                        37    -22       44
  SINCE MAR 1   1272                      1256     16     1371
  SINCE JUL 1   5940                      5513    427     5902

 COOLING
  YESTERDAY        1                         1      0        0
  MONTH TO DATE    1                         3     -2        0
  SINCE MAR 1      2                        13    -11       10
  SINCE JAN 1      2                        13    -11       10
..................................................................

WIND (MPH)
  HIGHEST WIND SPEED    26   HIGHEST WIND DIRECTION    NW (300)
  HIGHEST GUST SPEED    32   HIGHEST GUST DIRECTION    NW (300)
  AVERAGE WIND SPEED     7.7


SKY COVER
  POSSIBLE SUNSHINE  MM
  AVERAGE SKY COVER 0.7


WEATHER CONDITIONS
 THE FOLLOWING WEATHER WAS RECORDED YESTERDAY.
  LIGHT RAIN


RELATIVE HUMIDITY (PERCENT)
 HIGHEST    87           900 PM
 LOWEST     26           300 PM
 AVERAGE    57

..........................................................


THE PITTSBURGH PA CLIMATE NORMALS FOR TODAY
                         NORMAL    RECORD    YEAR
 MAXIMUM TEMPERATURE (F)   68        90      1949
 MINIMUM TEMPERATURE (F)   46        32      2005
                                             1979
                                             1961


SUNRISE AND SUNSET
MAY  5 2015...........SUNRISE   615 AM EDT   SUNSET   820 PM EDT
MAY  6 2015...........SUNRISE   614 AM EDT   SUNSET   821 PM EDT


-  INDICATES NEGATIVE NUMBERS.
R  INDICATES RECORD WAS SET OR TIED.
MM INDICATES DATA IS MISSING.
T  INDICATES TRACE AMOUNT.

&&

SNOW DEPTH IS MEASURED AT 7 AM EST OR 8 AM EDT.

$$
