000
CDUS41 KRLX 262122
CLIPKB


CLIMATE REPORT
NATIONAL WEATHER SERVICE CHARLESTON WV
521 PM EDT SUN APR 26 2015


...................................

...THE PARKERSBURG WV CLIMATE SUMMARY FOR APRIL 26 2015...
VALID TODAY AS OF 0500 PM LOCAL TIME.

CLIMATE NORMAL PERIOD 1981 TO 2010
CLIMATE RECORD PERIOD 1889 TO 2015


WEATHER ITEM   OBSERVED TIME   RECORD YEAR NORMAL DEPARTURE LAST
                VALUE   (LST)  VALUE       VALUE  FROM      YEAR
                                                  NORMAL
..................................................................
TEMPERATURE (F)
 TODAY
  MAXIMUM         63    358 PM  91    1990  70     -7       64
  MINIMUM         41    318 AM  31    1983  45     -4       42
  AVERAGE         52                        57     -5       53

PRECIPITATION (IN)
  TODAY            0.00          0.75 2005   0.11  -0.11     0.00
  MONTH TO DATE    6.72                      2.83   3.89     2.31
  SINCE MAR 1     12.31                      6.56   5.75     3.83
  SINCE JAN 1     16.20                     12.21   3.99     7.72

DEGREE DAYS
 HEATING
  TODAY           13                         9      4       12
  MONTH TO DATE  248                       314    -66      259
  SINCE MAR 1    989                       985      4      844
  SINCE JUL 1   5207                      4775    432     4607

 COOLING
  TODAY            0                         1     -1        0
  MONTH TO DATE   12                        16     -4        5
  SINCE MAR 1     12                        19     -7        5
  SINCE JAN 1     12                        19     -7        5
..................................................................


WIND (MPH)
  HIGHEST WIND SPEED    15   HIGHEST WIND DIRECTION    NE (50)
  HIGHEST GUST SPEED    22   HIGHEST GUST DIRECTION     N (10)
  AVERAGE WIND SPEED     7.2


SKY COVER
  POSSIBLE SUNSHINE  MM
  AVERAGE SKY COVER 0.4


WEATHER CONDITIONS
 THE FOLLOWING WEATHER WAS RECORDED TODAY.
  NO SIGNIFICANT WEATHER WAS OBSERVED.


RELATIVE HUMIDITY (PERCENT)
 HIGHEST    89          1200 AM
 LOWEST     29           400 PM
 AVERAGE    59

..........................................................


THE PARKERSBURG WV CLIMATE NORMALS FOR TOMORROW
                         NORMAL    RECORD    YEAR
 MAXIMUM TEMPERATURE (F)   70        94      1986
 MINIMUM TEMPERATURE (F)   45        32      2006
                                             2003
                                             1971


SUNRISE AND SUNSET
APRIL 26 2015.........SUNRISE   634 AM EDT   SUNSET   814 PM EDT
APRIL 27 2015.........SUNRISE   632 AM EDT   SUNSET   815 PM EDT


-  INDICATES NEGATIVE NUMBERS.
R  INDICATES RECORD WAS SET OR TIED.
MM INDICATES DATA IS MISSING.
T  INDICATES TRACE AMOUNT.




$$
