000
CDUS41 KALY 270638
CLIPOU


CLIMATE REPORT
NATIONAL WEATHER SERVICE ALBANY NY
237 AM EDT MON APR 27 2015


...................................

...THE POUGHKEEPSIE NY CLIMATE SUMMARY FOR APRIL 26 2015...

CLIMATE NORMAL PERIOD 1981 TO 2010
CLIMATE RECORD PERIOD 1949 TO 2015


WEATHER ITEM   OBSERVED TIME   RECORD YEAR NORMAL DEPARTURE LAST
                VALUE   (LST)  VALUE       VALUE  FROM      YEAR
                                                  NORMAL
..................................................................
TEMPERATURE (F)
 YESTERDAY
  MAXIMUM         62    116 PM  90    2009  65     -3       65
  MINIMUM         30    520 AM  26    1963  40    -10       43
  AVERAGE         46                        53     -7       54

PRECIPITATION (IN)
  YESTERDAY        0.00          1.18 1982   0.12  -0.12     0.62
  MONTH TO DATE    2.23                      3.25  -1.02     2.57
  SINCE MAR 1      4.40                      6.82  -2.42     5.32
  SINCE JAN 1      8.70                     12.56  -3.86     9.60

DEGREE DAYS
 HEATING
  YESTERDAY       19                        13      6       11
  MONTH TO DATE  429                       446    -17      406
  SINCE MAR 1   1430                      1320    110     1433
  SINCE JUL 1   6115                      5891    224     6136

 COOLING
  YESTERDAY        0                         0      0        0
  MONTH TO DATE    0                         0      0        6
  SINCE MAR 1      0                         0      0        6
  SINCE JAN 1      0                         0      0        6
..................................................................


WIND (MPH)
  HIGHEST WIND SPEED    14   HIGHEST WIND DIRECTION     N (360)
  HIGHEST GUST SPEED    20   HIGHEST GUST DIRECTION     N (10)
  AVERAGE WIND SPEED     4.8


SKY COVER
  AVERAGE SKY COVER 0.6



RELATIVE HUMIDITY (PERCENT)
 HIGHEST    85           500 AM
 LOWEST     31           200 PM
 AVERAGE    58

..........................................................


THE POUGHKEEPSIE NY CLIMATE NORMALS FOR TODAY
                         NORMAL    RECORD    YEAR
 MAXIMUM TEMPERATURE (F)   66        91      1990
 MINIMUM TEMPERATURE (F)   40        25      2002


SUNRISE AND SUNSET
APRIL 27 2015.........SUNRISE   558 AM EDT   SUNSET   749 PM EDT
APRIL 28 2015.........SUNRISE   557 AM EDT   SUNSET   750 PM EDT


-  INDICATES NEGATIVE NUMBERS.
R  INDICATES RECORD WAS SET OR TIED.
MM INDICATES DATA IS MISSING.
T  INDICATES TRACE AMOUNT.




RECORDS FOR KPOU DATE BACK TO 1949...
HOWEVER...DATA IS MISSING FROM JANUARY 1993 - JULY 2000.
$$
