000
CDUS46 KLOX 210903
CLIPRB


CLIMATE REPORT
NATIONAL WEATHER SERVICE LOS ANGELES/OXNARD CA
203 AM PDT TUE APR 21 2015


...................................

...THE PASO ROBLES AIRPORT CA CLIMATE SUMMARY FOR APRIL 20 2015...

CLIMATE NORMAL PERIOD 1981 TO 2010
CLIMATE RECORD PERIOD 1948 TO 2015


WEATHER ITEM   OBSERVED TIME   RECORD YEAR NORMAL DEPARTURE LAST
                VALUE   (LST)  VALUE       VALUE  FROM      YEAR
                                                  NORMAL
..................................................................
TEMPERATURE (F)
 YESTERDAY
  MAXIMUM         75   1248 PM  98    2009  74      1       86
  MINIMUM         47    455 AM  28    1972  42      5       42
  AVERAGE         61                        58      3       64

PRECIPITATION (IN)
  YESTERDAY        0.00          0.95 1983   0.02  -0.02     0.00
  MONTH TO DATE    0.43                      0.52  -0.09     0.32
  SINCE OCT 1      8.48                     12.01  -3.53     4.90
  SINCE JAN 1      2.76                      8.35  -5.59     4.44

SNOWFALL (IN)
  YESTERDAY        0.0
  MONTH TO DATE    0.0
  SINCE MAR 1      0.0
  SINCE JUL 1      0.0

DEGREE DAYS
 HEATING
  YESTERDAY        4                         8     -4        1
  MONTH TO DATE  138                       187    -49       97
  SINCE MAR 1    300                       553   -253      327
  SINCE JUL 1   1660                      2646   -986     2032

 COOLING
  YESTERDAY        0                         0      0        0
  MONTH TO DATE    0                         0      0        8
  SINCE MAR 1     21                         0     21        8
  SINCE JAN 1     21                         0     21        8
..................................................................


WIND (MPH)
  HIGHEST WIND SPEED    25   HIGHEST WIND DIRECTION     S (200)
  HIGHEST GUST SPEED    30   HIGHEST GUST DIRECTION    SW (210)
  AVERAGE WIND SPEED     9.0


SKY COVER
  POSSIBLE SUNSHINE  MM
  AVERAGE SKY COVER 0.3


WEATHER CONDITIONS
 THE FOLLOWING WEATHER WAS RECORDED YESTERDAY.
  NO SIGNIFICANT WEATHER WAS OBSERVED.


RELATIVE HUMIDITY (PERCENT)
 HIGHEST    86           100 AM
 LOWEST     35           100 PM
 AVERAGE    61

..........................................................


THE PASO ROBLES AIRPORT CA CLIMATE NORMALS FOR TODAY
                         NORMAL    RECORD    YEAR
 MAXIMUM TEMPERATURE (F)   74        99      2009
 MINIMUM TEMPERATURE (F)   42        30      2008
                                             1963


SUNRISE AND SUNSET
APRIL 21 2015.........SUNRISE   622 AM PDT   SUNSET   741 PM PDT
APRIL 22 2015.........SUNRISE   621 AM PDT   SUNSET   741 PM PDT


-  INDICATES NEGATIVE NUMBERS.
R  INDICATES RECORD WAS SET OR TIED.
MM INDICATES DATA IS MISSING.
T  INDICATES TRACE AMOUNT.




$$
