000
CDUS46 KPDT 020050
CLIPSC

CLIMATE REPORT
NATIONAL WEATHER SERVICE PENDLETON OR
550 PM PDT WED APR 1 2015


...................................

...THE PASCO WA CLIMATE SUMMARY FOR APRIL 1 2015...
VALID TODAY AS OF 0500 PM LOCAL TIME.

CLIMATE NORMAL PERIOD 1981 TO 2010
CLIMATE RECORD PERIOD 1948 TO 2015


WEATHER ITEM   OBSERVED TIME   RECORD YEAR NORMAL DEPARTURE LAST
                VALUE   (LST)  VALUE       VALUE  FROM      YEAR
                                                  NORMAL
..................................................................
TEMPERATURE (F)
 TODAY
  MAXIMUM         61    128 PM  82    1990  64     -3       65
  MINIMUM         40    536 AM  21    2008  37      3       43
  AVERAGE         51                        50      1       54

PRECIPITATION (IN)
  TODAY            T             0.58 1996   0.03  -0.03      T
  MONTH TO DATE    T                         0.03  -0.03      T
  SINCE OCT 1      4.09                      5.85  -1.76     2.32
  SINCE JAN 1      1.72                      2.90  -1.18     1.74

SNOWFALL (IN)
  TODAY            0.0
  SNOW DEPTH       0

DEGREE DAYS
 HEATING
  TODAY           14                        15     -1       11
  MONTH TO DATE   14                        15     -1       11
  SINCE MAR 1    463                       593   -130      570
  SINCE JUL 1   3919                      4476   -557     4799

 COOLING
  TODAY            0                         0      0        0
  MONTH TO DATE    0                         0      0        0
  SINCE MAR 1      0                         0      0        0
  SINCE JAN 1      0                         0      0        0
..................................................................


WIND (MPH)
  RESULTANT WIND SPEED  12   RESULTANT WIND DIRECTION  SW (240)
  HIGHEST WIND SPEED    22   HIGHEST WIND DIRECTION    SW (240)
  HIGHEST GUST SPEED    26   HIGHEST GUST DIRECTION     W (250)


SKY COVER
  POSSIBLE SUNSHINE  MM
  AVERAGE SKY COVER 0.4


WEATHER CONDITIONS
 THE FOLLOWING WEATHER WAS RECORDED TODAY.
  LIGHT RAIN


RELATIVE HUMIDITY (PERCENT)
 HIGHEST    73
 LOWEST     23
 AVERAGE    48

..........................................................


THE PASCO WA CLIMATE NORMALS FOR TOMORROW
                         NORMAL    RECORD    YEAR
 MAXIMUM TEMPERATURE (F)   64        85      1992
 MINIMUM TEMPERATURE (F)   37        24      1997


SUNRISE AND SUNSET
APRIL  1 2015.........SUNRISE   637 AM PDT   SUNSET   725 PM PDT
APRIL  2 2015.........SUNRISE   635 AM PDT   SUNSET   726 PM PDT


-  INDICATES NEGATIVE NUMBERS.
R  INDICATES RECORD WAS SET OR TIED.
MM INDICATES DATA IS MISSING.
T  INDICATES TRACE AMOUNT.

$$
