000
CDUS45 KPUB 281047
CLIPUB


CLIMATE REPORT
NATIONAL WEATHER SERVICE PUEBLO
447 AM MDT TUE APR 28 2015


...................................

...THE PUEBLO CO CLIMATE SUMMARY FOR APRIL 27 2015...

CLIMATE NORMAL PERIOD 1981 TO 2010
CLIMATE RECORD PERIOD 1888 TO 2015


WEATHER ITEM   OBSERVED TIME   RECORD YEAR NORMAL DEPARTURE LAST
                VALUE   (LST)  VALUE       VALUE  FROM      YEAR
                                                  NORMAL
..................................................................
TEMPERATURE (F)
 YESTERDAY
  MAXIMUM         55    357 PM  88    1992  71    -16       61
  MINIMUM         42    813 AM  22    1984  38      4       38
  AVERAGE         49                        54     -5       50

PRECIPITATION (IN)
  YESTERDAY        0.16          0.91 1938   0.05   0.11     0.85
  MONTH TO DATE    1.42                      1.23   0.19     2.05
  SINCE MAR 1      1.99                      2.16  -0.17     2.81
  SINCE JAN 1      3.37                      2.81   0.56     3.54

SNOWFALL (IN)
  YESTERDAY        0.0           5.2  1932   0.0    0.0       T
  MONTH TO DATE    T                         3.5   -3.5      8.3
  SINCE MAR 1      1.7                       9.2   -7.5     10.7
  SINCE JUL 1     42.8                      31.0   11.8     29.3
  SNOW DEPTH       0

DEGREE DAYS
 HEATING
  YESTERDAY       16                        11      5       15
  MONTH TO DATE  353                       405    -52      330
  SINCE MAR 1    961                      1107   -146     1002
  SINCE JUL 1   4983                      5410   -427     5207

 COOLING
  YESTERDAY        0                         0      0        0
  MONTH TO DATE    0                         0      0        2
  SINCE MAR 1      0                         0      0        2
  SINCE JAN 1      0                         0      0        2
..................................................................


WIND (MPH)
  HIGHEST WIND SPEED    22   HIGHEST WIND DIRECTION     N (20)
  HIGHEST GUST SPEED    32   HIGHEST GUST DIRECTION     N (10)
  AVERAGE WIND SPEED    11.5


SKY COVER
  POSSIBLE SUNSHINE  MM
  AVERAGE SKY COVER 0.9


WEATHER CONDITIONS
 THE FOLLOWING WEATHER WAS RECORDED YESTERDAY.
  LIGHT RAIN
  FOG


RELATIVE HUMIDITY (PERCENT)
 HIGHEST    96           100 AM
 LOWEST     51           400 PM
 AVERAGE    74

..........................................................


THE PUEBLO CO CLIMATE NORMALS FOR TODAY
                         NORMAL    RECORD    YEAR
 MAXIMUM TEMPERATURE (F)   71        88      1910
 MINIMUM TEMPERATURE (F)   38        20      1932


SUNRISE AND SUNSET
APRIL 28 2015.........SUNRISE   605 AM MDT   SUNSET   746 PM MDT
APRIL 29 2015.........SUNRISE   604 AM MDT   SUNSET   747 PM MDT


-  INDICATES NEGATIVE NUMBERS.
R  INDICATES RECORD WAS SET OR TIED.
MM INDICATES DATA IS MISSING.
T  INDICATES TRACE AMOUNT.




$$
