000
CDUS41 KBOX 012140
CLIPVD


CLIMATE REPORT
NATIONAL WEATHER SERVICE TAUNTON MA
529 PM EDT WED APR 1 2015


...................................

...THE PROVIDENCE RI CLIMATE SUMMARY FOR APRIL 1 2015...
VALID AS OF 0500 PM LOCAL TIME.

CLIMATE NORMAL PERIOD 1981 TO 2010
CLIMATE RECORD PERIOD 1904 TO 2015


WEATHER ITEM   OBSERVED TIME   RECORD YEAR NORMAL DEPARTURE LAST
                VALUE   (LST)  VALUE       VALUE  FROM      YEAR
                                                  NORMAL
..................................................................
TEMPERATURE (F)
 TODAY
  MAXIMUM         49    359 PM  77    1945  53     -4       54
  MINIMUM         31    553 AM  11    1923  35     -4       35
  AVERAGE         40                        44     -4       45

PRECIPITATION (IN)
  TODAY            0.00          2.14 1962   0.16  -0.16     0.00
  MONTH TO DATE    0.00                      0.16  -0.16     0.00
  SINCE MAR 1      4.40                      5.17  -0.77     6.98
  SINCE JAN 1     10.75                     12.32  -1.57    15.38

SNOWFALL (IN)
  TODAY            0.0          18.0  1997   0.0    0.0      0.0
  MONTH TO DATE    0.0                       0.0    0.0      0.0
  SINCE MAR 1     16.3                       5.5   10.8      1.2
  SINCE JUL 1     76.2                      33.2   43.0     43.3
  SNOW DEPTH       0

DEGREE DAYS
 HEATING
  TODAY           25                        21      4       20
  MONTH TO DATE   25                        21      4       20
  SINCE MAR 1   1017                       830    187      974
  SINCE JUL 1   5379                      4892    487     5246

 COOLING
  TODAY            0                         0      0        0
  MONTH TO DATE    0                         0      0        0
  SINCE MAR 1      0                         0      0        0
  SINCE JAN 1      0                         0      0        0
..................................................................


WIND (MPH)
  HIGHEST WIND SPEED    20   HIGHEST WIND DIRECTION    NW (300)
  HIGHEST GUST SPEED    26   HIGHEST GUST DIRECTION    NW (320)
  AVERAGE WIND SPEED    11.7


SKY COVER
  POSSIBLE SUNSHINE  MM
  AVERAGE SKY COVER 0.4


WEATHER CONDITIONS
 THE FOLLOWING WEATHER WAS RECORDED TODAY.
  NO SIGNIFICANT WEATHER WAS OBSERVED.


RELATIVE HUMIDITY (PERCENT)
 HIGHEST    82          1200 AM
 LOWEST     15           300 PM
 AVERAGE    49

..........................................................


THE PROVIDENCE RI CLIMATE NORMALS FOR TOMORROW
                         NORMAL    RECORD    YEAR
 MAXIMUM TEMPERATURE (F)   54        75      1963
 MINIMUM TEMPERATURE (F)   35        20      1964
                                             1919


SUNRISE AND SUNSET
APRIL  1 2015.........SUNRISE   629 AM EDT   SUNSET   711 PM EDT
APRIL  2 2015.........SUNRISE   627 AM EDT   SUNSET   712 PM EDT


-  INDICATES NEGATIVE NUMBERS.
R  INDICATES RECORD WAS SET OR TIED.
MM INDICATES DATA IS MISSING.
T  INDICATES TRACE AMOUNT.




$$
