000
CDUS41 KGYX 270832
CLIPWM


CLIMATE REPORT
NATIONAL WEATHER SERVICE GRAY ME
431 AM EDT MON APR 27 2015


...................................

...THE PORTLAND ME CLIMATE SUMMARY FOR APRIL 26 2015...

CLIMATE NORMAL PERIOD 1981 TO 2010
CLIMATE RECORD PERIOD 1941 TO 2015


WEATHER ITEM   OBSERVED TIME   RECORD YEAR NORMAL DEPARTURE LAST
                VALUE   (LST)  VALUE       VALUE  FROM      YEAR
                                                  NORMAL
..................................................................
TEMPERATURE (F)
 YESTERDAY
  MAXIMUM         56    109 PM  80    2009  57     -1       48
  MINIMUM         39    407 AM  27    2006  38      1       39
                                      1948
  AVERAGE         48                        48      0       44

PRECIPITATION (IN)
  YESTERDAY        T             1.43 2003   0.14  -0.14     0.14
  MONTH TO DATE    4.95                      3.73   1.22     2.58
  SINCE MAR 1      6.74                      7.97  -1.23     6.89
  SINCE JAN 1     14.22                     14.60  -0.38    15.21

SNOWFALL (IN)
  YESTERDAY        0.0           1.9  1887   0.0    0.0      0.0
  MONTH TO DATE    2.9                       2.7    0.2      1.2
  SINCE MAR 1      5.3                      15.4  -10.1      4.9
  SINCE JUL 1     94.5                      61.8   32.7     83.4
  SNOW DEPTH       0

DEGREE DAYS
 HEATING
  YESTERDAY       17                        17      0       21
  MONTH TO DATE  549                       563    -14      564
  SINCE MAR 1   1619                      1539     80     1734
  SINCE JUL 1   6673                      6581     92     6973

 COOLING
  YESTERDAY        0                         0      0        0
  MONTH TO DATE    0                         0      0        0
  SINCE MAR 1      0                         0      0        0
  SINCE JAN 1      0                         0      0        0
..................................................................


WIND (MPH)
  RESULTANT WIND SPEED   0   RESULTANT WIND DIRECTION   W (260)
  HIGHEST WIND SPEED    13   HIGHEST WIND DIRECTION     E (100)
  HIGHEST GUST SPEED    15   HIGHEST GUST DIRECTION     E (90)
  AVERAGE WIND SPEED     5.6


SKY COVER
  AVERAGE SKY COVER 1.0


WEATHER CONDITIONS
 THE FOLLOWING WEATHER WAS RECORDED YESTERDAY.
  NO SIGNIFICANT WEATHER WAS OBSERVED.


RELATIVE HUMIDITY (PERCENT)
 HIGHEST    73           500 AM
 LOWEST     47          1000 AM
 AVERAGE    60

..........................................................


THE PORTLAND ME CLIMATE NORMALS FOR TODAY
                         NORMAL    RECORD    YEAR
 MAXIMUM TEMPERATURE (F)   58        84      1990
 MINIMUM TEMPERATURE (F)   38        25      1958


SUNRISE AND SUNSET
APRIL 27 2015.........SUNRISE   540 AM EDT   SUNSET   739 PM EDT
APRIL 28 2015.........SUNRISE   538 AM EDT   SUNSET   740 PM EDT


-  INDICATES NEGATIVE NUMBERS.
R  INDICATES RECORD WAS SET OR TIED.
MM INDICATES DATA IS MISSING.
T  INDICATES TRACE AMOUNT.




$$
