000
CDUS46 KSTO 050836
CLIRDD

CLIMATE REPORT
NATIONAL WEATHER SERVICE SACRAMENTO, CA
135 AM PDT TUE MAY 5 2015


...................................

...THE REDDING AIRPORT CA CLIMATE SUMMARY FOR MAY 4 2015...

CLIMATE NORMAL PERIOD 1981 TO 2010
CLIMATE RECORD PERIOD 1986 TO 2015


WEATHER ITEM   OBSERVED RECORD YEAR NORMAL DEPARTURE LAST
                VALUE   VALUE       VALUE  FROM      YEAR
                                           NORMAL
...........................................................
TEMPERATURE (F)
 YESTERDAY
  MAXIMUM         86    100    1992  77      9       73
  MINIMUM         54     36    1999  50      4       54
  AVERAGE         70

PRECIPITATION (IN)
  YESTERDAY        0.00   0.74 2005   0.07  -0.07      T
  MONTH TO DATE    0.00               0.26  -0.26      T
  SINCE OCT 1     22.13              31.43  -9.30    16.23
  SINCE JAN 1      5.88              18.58 -12.70    14.12

SNOWFALL (IN)
  YESTERDAY        0.0   MM      MM  MM               0.0
  MONTH TO DATE    0.0               MM               0.0
  SINCE MAR 1      0.0               MM               0.0
  SINCE JUL 1      0.0               MM               5.0

DEGREE DAYS
 HEATING
  YESTERDAY        0

 COOLING
  YESTERDAY        5
...........................................................


WIND (MPH)
  RESULTANT WIND SPEED   3   RESULTANT WIND DIRECTION   S (170)
  HIGHEST WIND SPEED    17   HIGHEST WIND DIRECTION     S (180)
  HIGHEST GUST SPEED    21   HIGHEST GUST DIRECTION    SE (150)


SKY COVER
  POSSIBLE SUNSHINE  MM
  AVERAGE SKY COVER 0.0


WEATHER CONDITIONS
 THE FOLLOWING WEATHER WAS RECORDED YESTERDAY.
  NO SIGNIFICANT WEATHER WAS OBSERVED.


RELATIVE HUMIDITY (PERCENT)
 HIGHEST    77
 LOWEST     22
 AVERAGE    50

..........................................................


THE REDDING AIRPORT CA CLIMATE NORMALS FOR TODAY
                         NORMAL    RECORD    YEAR
 MAXIMUM TEMPERATURE (F)   77       103      1992
 MINIMUM TEMPERATURE (F)   51        41      2003


SUNRISE AND SUNSET
MAY  5 2015...........SUNRISE   604 AM PDT   SUNSET   809 PM PDT
MAY  6 2015...........SUNRISE   602 AM PDT   SUNSET   810 PM PDT


-  INDICATES NEGATIVE NUMBERS.
R  INDICATES RECORD WAS SET OR TIED.
MM INDICATES DATA IS MISSING.
T  INDICATES TRACE AMOUNT.






&&
....................................................................

REDDING CITY CLIMATE DATA FOR MAY 04

CLIMATE RECORD PERIOD 1897-1986

RECORD HIGH..............     94 IN 1966
RECORD LOW...............     32 IN 1950

RECORD RAINFALL..........   0.91 IN 1951

$$

JCLAPP
