000
CDUS41 KAKQ 210533
CLIRIC


CLIMATE REPORT
NATIONAL WEATHER SERVICE WAKEFIELD, VA
130 AM EDT TUE APR 21 2015


...................................

...THE RICHMOND VA CLIMATE SUMMARY FOR APRIL 20 2015...

CLIMATE NORMAL PERIOD 1981 TO 2010
CLIMATE RECORD PERIOD 1871 TO 2015


WEATHER ITEM   OBSERVED TIME   RECORD YEAR NORMAL DEPARTURE LAST
                VALUE   (LST)  VALUE       VALUE  FROM      YEAR
                                                  NORMAL
..................................................................
TEMPERATURE (F)
 YESTERDAY
  MAXIMUM         80    204 PM  95    1985  72      8       67
  MINIMUM         65   1202 AM  29    1926  47     18       43
  AVERAGE         73                        60     13       55

PRECIPITATION (IN)
  YESTERDAY        0.80          3.35 2008   0.10   0.70     0.00
  MONTH TO DATE    4.33                      2.20   2.13     1.54
  SINCE MAR 1      8.11                      6.24   1.87     4.78
  SINCE JAN 1     15.37                     12.04   3.33    11.09

SNOWFALL (IN)
  YESTERDAY        0.0           0.0  2002   0.0    0.0
  MONTH TO DATE    0.0                       0.1   -0.1
  SINCE NOV 1     12.8                      10.3    2.5
  SINCE JUL 1     12.8                      10.3    2.5
  SNOW DEPTH       0

DEGREE DAYS
 HEATING
  YESTERDAY        0                         7     -7       10
  MONTH TO DATE   95                       184    -89      150
  SINCE MAR 1    630                       700    -70      763
  SINCE JUL 1   3732                      3636     96     3716

 COOLING
  YESTERDAY        8                         1      7        0
  MONTH TO DATE   25                        19      6       19
  SINCE MAR 1     25                        25      0       21
  SINCE JAN 1     25                        25      0       21
..................................................................


WIND (MPH)
  HIGHEST WIND SPEED    22   HIGHEST WIND DIRECTION     S (190)
  HIGHEST GUST SPEED    29   HIGHEST GUST DIRECTION     S (200)
  AVERAGE WIND SPEED    13.0


SKY COVER
  POSSIBLE SUNSHINE  MM
  AVERAGE SKY COVER 0.9


WEATHER CONDITIONS
 THE FOLLOWING WEATHER WAS RECORDED YESTERDAY.
  HEAVY RAIN
  RAIN
  LIGHT RAIN
  FOG


RELATIVE HUMIDITY (PERCENT)
 HIGHEST    93           100 AM
 LOWEST     54           200 PM
 AVERAGE    74

..........................................................


THE RICHMOND VA CLIMATE NORMALS FOR TODAY
                         NORMAL    RECORD    YEAR
 MAXIMUM TEMPERATURE (F)   72        92      1985
                                             1957
 MINIMUM TEMPERATURE (F)   48        28      1956


SUNRISE AND SUNSET
APRIL 21 2015.........SUNRISE   627 AM EDT   SUNSET   750 PM EDT
APRIL 22 2015.........SUNRISE   625 AM EDT   SUNSET   751 PM EDT


-  INDICATES NEGATIVE NUMBERS.
R  INDICATES RECORD WAS SET OR TIED.
MM INDICATES DATA IS MISSING.
T  INDICATES TRACE AMOUNT.




$$
