000
CDUS45 KABQ 060902
CLIROW


CLIMATE REPORT
NATIONAL WEATHER SERVICE ALBUQUERQUE NM
301 AM MDT WED MAY 6 2015


...................................

...THE ROSWELL NM CLIMATE SUMMARY FOR MAY 5 2015...

CLIMATE NORMAL PERIOD 1981 TO 2010
CLIMATE RECORD PERIOD 1893 TO 2015


WEATHER ITEM   OBSERVED TIME   RECORD YEAR NORMAL DEPARTURE
                VALUE   (LST)  VALUE       VALUE  FROM
                                                  NORMAL
...............................................................
TEMPERATURE (F)
 YESTERDAY
  MAXIMUM         78    336 PM 101    2000  82     -4
  MINIMUM         54   1122 PM  31    1913  51      3
  AVERAGE         66                        67     -1

PRECIPITATION (IN)
  YESTERDAY        0.44          1.46 1981   0.03   0.41
  MONTH TO DATE    1.30                      0.16   1.14
  SINCE MAR 1      3.33                      1.28   2.05
  SINCE JAN 1      5.24                      2.08   3.16

SNOWFALL (IN)
  YESTERDAY        0.0
  MONTH TO DATE    0.0
  SINCE MAR 1      T
  SINCE JUL 1     16.2

DEGREE DAYS
 HEATING
  YESTERDAY        0                         2     -2
  MONTH TO DATE    0                        10    -10
  SINCE MAR 1    490                       561    -71
  SINCE JUL 1   3207                      3268    -61

 COOLING
  YESTERDAY        1                         3     -2
  MONTH TO DATE   14                        15     -1
  SINCE MAR 1     30                        55    -25
  SINCE JAN 1     30                        55    -25
...............................................................


WIND (MPH)
  HIGHEST WIND SPEED    26   HIGHEST WIND DIRECTION     S (200)
  HIGHEST GUST SPEED    34   HIGHEST GUST DIRECTION    SW (210)
  AVERAGE WIND SPEED     9.9


SKY COVER
  AVERAGE SKY COVER 0.2


WEATHER CONDITIONS
 THE FOLLOWING WEATHER WAS RECORDED YESTERDAY.
  THUNDERSTORM
  HEAVY RAIN
  RAIN
  LIGHT RAIN
  FOG
  TORNADO


RELATIVE HUMIDITY (PERCENT)
 HIGHEST    93           400 AM
 LOWEST     24           400 PM
 AVERAGE    59

..........................................................


THE ROSWELL NM CLIMATE NORMALS FOR TODAY
                         NORMAL    RECORD    YEAR
 MAXIMUM TEMPERATURE (F)   82       101      2000
 MINIMUM TEMPERATURE (F)   52        32      1917


SUNRISE AND SUNSET
MAY  6 2015...........SUNRISE   606 AM MDT   SUNSET   744 PM MDT
MAY  7 2015...........SUNRISE   605 AM MDT   SUNSET   745 PM MDT


-  INDICATES NEGATIVE NUMBERS.
R  INDICATES RECORD WAS SET OR TIED.
MM INDICATES DATA IS MISSING.
T  INDICATES TRACE AMOUNT.




$$
