000
CDUS44 KEWX 272258
CLISAT


CLIMATE REPORT
NATIONAL WEATHER SERVICE AUSTIN/SAN ANTONIO, TX
553 PM CDT MON APR 27 2015


...................................

...THE SAN ANTONIO CLIMATE SUMMARY FOR APRIL 27 2015...
VALID TODAY AS OF 553 PM LOCAL TIME.

CLIMATE NORMAL PERIOD 1981 TO 2010
CLIMATE RECORD PERIOD 1886 TO 2015


WEATHER ITEM   OBSERVED TIME   RECORD YEAR NORMAL DEPARTURE LAST
                VALUE   (LST)  VALUE       VALUE  FROM      YEAR
                                                  NORMAL
..................................................................
TEMPERATURE (F)
 TODAY
  MAXIMUM         87    356 PM  99    2014  83      4       99
  MINIMUM         63    500 AM  46    1908  61      2       72
  AVERAGE         75                        72      3       86

PRECIPITATION (IN)
  TODAY            0.17          2.10 1941   0.08   0.09     0.00
  MONTH TO DATE    7.54                      1.83   5.71     0.68
  SINCE MAR 1     10.51                      4.14   6.37     1.74
  SINCE JAN 1     14.71                      7.69   7.02     2.39

SNOWFALL (IN)
  TODAY            0.0
  MONTH TO DATE    0.0
  SINCE MAR 1      0.0
  SINCE JUL 1      T
  SNOW DEPTH       0

DEGREE DAYS
 HEATING
  TODAY            0                         0      0        0
  MONTH TO DATE    1                        38    -37       40
  SINCE MAR 1    173                       192    -19      228
  SINCE JUL 1   1488                      1493     -5     1562

 COOLING
  TODAY           10                         8      2       21
  MONTH TO DATE  214                       145     69      201
  SINCE MAR 1    270                       210     60      262
  SINCE JAN 1    283                       236     47      327
..................................................................


WIND (MPH)
  HIGHEST WIND SPEED    33   HIGHEST WIND DIRECTION    NW (320)
  HIGHEST GUST SPEED    42   HIGHEST GUST DIRECTION    NW (320)
  AVERAGE WIND SPEED     5.8


SKY COVER
  AVERAGE SKY COVER 0.5


WEATHER CONDITIONS
 THE FOLLOWING WEATHER WAS RECORDED TODAY.
  THUNDERSTORM
  HEAVY RAIN
  LIGHT RAIN
  FOG


RELATIVE HUMIDITY (PERCENT)
 HIGHEST    87          1200 AM
 LOWEST     27           400 PM
 AVERAGE    57

..........................................................


THE SAN ANTONIO CLIMATE NORMALS FOR TOMORROW
                         NORMAL    RECORD    YEAR
 MAXIMUM TEMPERATURE (F)   83        99      2014
 MINIMUM TEMPERATURE (F)   62        47      2008


SUNRISE AND SUNSET
APRIL 27 2015.........SUNRISE   656 AM CDT   SUNSET   808 PM CDT
APRIL 28 2015.........SUNRISE   655 AM CDT   SUNSET   809 PM CDT


-  INDICATES NEGATIVE NUMBERS.
R  INDICATES RECORD WAS SET OR TIED.
MM INDICATES DATA IS MISSING.
T  INDICATES TRACE AMOUNT.




$$
