000
CDUS42 KCHS 070510
CLISAV


CLIMATE REPORT
NATIONAL WEATHER SERVICE CHARLESTON SC
108 AM EDT THU MAY 7 2015


...................................

...THE SAVANNAH GA CLIMATE SUMMARY FOR MAY 6 2015...

CLIMATE NORMAL PERIOD 1981 TO 2010
CLIMATE RECORD PERIOD 1871 TO 2015


WEATHER ITEM   OBSERVED TIME   RECORD YEAR NORMAL DEPARTURE LAST
                VALUE   (LST)  VALUE       VALUE  FROM      YEAR
                                                  NORMAL
..................................................................
TEMPERATURE (F)
 YESTERDAY
  MAXIMUM         82        MM  96    1952  83     -1       92
  MINIMUM         60        MM  46    1957  59      1       62
  AVERAGE         71                        71      0       77

PRECIPITATION (IN)
  YESTERDAY        0.00          1.25 1873   0.09  -0.09     0.00
  MONTH TO DATE    0.00                      0.50  -0.50     0.18
  SINCE MAR 1      8.54                      7.30   1.24     8.38
  SINCE JAN 1     16.10                     13.78   2.32    12.49

DEGREE DAYS
 HEATING
  YESTERDAY        0                         1     -1        0
  MONTH TO DATE    2                         6     -4        0
  SINCE MAR 1    158                       292   -134      301
  SINCE JUL 1   1693                      1809   -116     1682

 COOLING
  YESTERDAY        6                         6      0       12
  MONTH TO DATE   16                        34    -18       39
  SINCE MAR 1    253                       160     93      189
  SINCE JAN 1    258                       170     88      207
..................................................................


WIND (MPH)
  HIGHEST WIND SPEED    12   HIGHEST WIND DIRECTION     E (100)
  HIGHEST GUST SPEED    18   HIGHEST GUST DIRECTION    NE (50)
  AVERAGE WIND SPEED     7.1


SKY COVER
  POSSIBLE SUNSHINE  MM
  AVERAGE SKY COVER 0.7


WEATHER CONDITIONS
 THE FOLLOWING WEATHER WAS RECORDED YESTERDAY.
  NO SIGNIFICANT WEATHER WAS OBSERVED.


RELATIVE HUMIDITY (PERCENT)
 HIGHEST    97           500 AM
 LOWEST     48           100 PM
 AVERAGE    73

..........................................................


THE SAVANNAH GA CLIMATE NORMALS FOR TODAY
                         NORMAL    RECORD    YEAR
 MAXIMUM TEMPERATURE (F)   83        94      1977
 MINIMUM TEMPERATURE (F)   59        48      2005


SUNRISE AND SUNSET
MAY  7 2015...........SUNRISE   633 AM EDT   SUNSET   810 PM EDT
MAY  8 2015...........SUNRISE   633 AM EDT   SUNSET   810 PM EDT


-  INDICATES NEGATIVE NUMBERS.
R  INDICATES RECORD WAS SET OR TIED.
MM INDICATES DATA IS MISSING.
T  INDICATES TRACE AMOUNT.




$$
