000
CDUS46 KSTO 241011
CLISCK


CLIMATE REPORT
NATIONAL WEATHER SERVICE SACRAMENTO, CA
311 AM PDT FRI APR 24 2015


...................................

...THE STOCKTON AIRPORT CA CLIMATE SUMMARY FOR APRIL 23 2015...

CLIMATE NORMAL PERIOD 1981 TO 2010
CLIMATE RECORD PERIOD 1948 TO 2015


WEATHER ITEM   OBSERVED TIME   RECORD YEAR NORMAL DEPARTURE LAST
                VALUE   (LST)  VALUE       VALUE  FROM      YEAR
                                                  NORMAL
..................................................................
TEMPERATURE (F)
 YESTERDAY
  MAXIMUM         80    336 PM  93    1962  75      5       71
  MINIMUM         51    534 AM  39    1976  47      4       45
                                      1963
  AVERAGE         66

PRECIPITATION (IN)
  YESTERDAY        0.00          0.38 1994   0.03  -0.03     0.00
  MONTH TO DATE    0.59                      0.81  -0.22     0.40
  SINCE OCT 1     10.06                     12.98  -2.92     6.80
  SINCE JAN 1      2.22                      8.25  -6.03     5.37

SNOWFALL (IN)
  YESTERDAY        0.0          MM      MM
  MONTH TO DATE    0.0
  SINCE MAR 1      0.0
  SINCE JUL 1      0.0
  SNOW DEPTH       0

DEGREE DAYS
 HEATING
  YESTERDAY        0                         5     -5        7
  MONTH TO DATE  104                       159    -55       83
  SINCE MAR 1    228                       483   -255      282
  SINCE JUL 1   1667                      2545   -878     2115

 COOLING
  YESTERDAY        1                         1      0        0
  MONTH TO DATE   11                         6      5       19
  SINCE MAR 1     28                         6     22       19
  SINCE JAN 1     28                         6     22       19
..................................................................


WIND (MPH)
  RESULTANT WIND SPEED   7   RESULTANT WIND DIRECTION   W (270)
  HIGHEST WIND SPEED    21   HIGHEST WIND DIRECTION     W (260)
  HIGHEST GUST SPEED    25   HIGHEST GUST DIRECTION     W (270)


SKY COVER
  POSSIBLE SUNSHINE  MM
  AVERAGE SKY COVER 0.0


WEATHER CONDITIONS
 THE FOLLOWING WEATHER WAS RECORDED YESTERDAY.
  NO SIGNIFICANT WEATHER WAS OBSERVED.


RELATIVE HUMIDITY (PERCENT)
 HIGHEST    89           500 AM
 LOWEST     36           300 PM
 AVERAGE    63

..........................................................


THE STOCKTON AIRPORT CA CLIMATE NORMALS FOR TODAY
                         NORMAL    RECORD    YEAR
 MAXIMUM TEMPERATURE (F)   75        90      1966
 MINIMUM TEMPERATURE (F)   47        32      1964


SUNRISE AND SUNSET
APRIL 24 2015.........SUNRISE   618 AM PDT   SUNSET   749 PM PDT
APRIL 25 2015.........SUNRISE   617 AM PDT   SUNSET   750 PM PDT


-  INDICATES NEGATIVE NUMBERS.
R  INDICATES RECORD WAS SET OR TIED.
MM INDICATES DATA IS MISSING.
T  INDICATES TRACE AMOUNT.




$$
