000
CDUS46 KLOX 060857
CLISDB


CLIMATE REPORT
NATIONAL WEATHER SERVICE LOS ANGELES/OXNARD CA
157 AM PDT WED MAY 6 2015


...................................

...THE SANDBERG CA CLIMATE SUMMARY FOR MAY 5 2015...

CLIMATE NORMAL PERIOD 1981 TO 2010
CLIMATE RECORD PERIOD 1934 TO 2015


WEATHER ITEM   OBSERVED TIME   RECORD YEAR NORMAL DEPARTURE LAST
                VALUE   (LST)  VALUE       VALUE  FROM      YEAR
                                                  NORMAL
..................................................................
TEMPERATURE (F)
 YESTERDAY
  MAXIMUM         63    256 PM  86    1989  64     -1       67
  MINIMUM         43    636 AM  27    1964  46     -3       45
  AVERAGE         53                        55     -2       56

PRECIPITATION (IN)
  YESTERDAY        0.00          0.98 2005   0.02  -0.02     0.00
  MONTH TO DATE    0.00                      0.12  -0.12     0.00
  SINCE OCT 1      7.02                     11.76  -4.74     4.28
  SINCE JAN 1      2.12                      8.13  -6.01     3.58

DEGREE DAYS
 HEATING
  YESTERDAY       12                        11      1        9
  MONTH TO DATE   19                        55    -36        9
  SINCE MAR 1    525                      1071   -546      617
  SINCE JUL 1   2156                      3830  -1674     2402

 COOLING
  YESTERDAY        0                         1     -1        0
  MONTH TO DATE    8                         3      5       18
  SINCE MAR 1     63                        11     52       42
  SINCE JAN 1     66                        11     55       49
..................................................................


WIND (MPH)
  HIGHEST WIND SPEED    18   HIGHEST WIND DIRECTION    SW (220)
  HIGHEST GUST SPEED    26   HIGHEST GUST DIRECTION     S (180)
  AVERAGE WIND SPEED    10.2


SKY COVER
  POSSIBLE SUNSHINE  MM
  AVERAGE SKY COVER 0.3


WEATHER CONDITIONS
 THE FOLLOWING WEATHER WAS RECORDED YESTERDAY.
  FOG
  FOG W/VISIBILITY <= 1/4 MILE
  HAZE


RELATIVE HUMIDITY (PERCENT)
 HIGHEST   100           600 AM
 LOWEST     48           300 PM
 AVERAGE    74

..........................................................


THE SANDBERG CA CLIMATE NORMALS FOR TODAY
                         NORMAL    RECORD    YEAR
 MAXIMUM TEMPERATURE (F)   64        86      1990
 MINIMUM TEMPERATURE (F)   47        29      1965


SUNRISE AND SUNSET
MAY  6 2015...........SUNRISE   600 AM PDT   SUNSET   744 PM PDT
MAY  7 2015...........SUNRISE   559 AM PDT   SUNSET   745 PM PDT


-  INDICATES NEGATIVE NUMBERS.
R  INDICATES RECORD WAS SET OR TIED.
MM INDICATES DATA IS MISSING.
T  INDICATES TRACE AMOUNT.




$$
