000
CDUS45 KSLC 271211
CLISLC


CLIMATE REPORT
NATIONAL WEATHER SERVICE SALT LAKE CITY UT
611 AM MDT MON APR 27 2015


...................................

...THE SALT LAKE CITY UT CLIMATE SUMMARY FOR APRIL 26 2015...

CLIMATE NORMAL PERIOD 1981 TO 2010
CLIMATE RECORD PERIOD 1874 TO 2015


WEATHER ITEM   OBSERVED TIME   RECORD YEAR NORMAL DEPARTURE LAST
                VALUE   (LST)  VALUE       VALUE  FROM      YEAR
                                                  NORMAL
..................................................................
TEMPERATURE (F)
 YESTERDAY
  MAXIMUM         52    623 PM  85    1910  65    -13       47
  MINIMUM         39    533 AM  27    1975  42     -3       40
  AVERAGE         46                        53     -7       44

PRECIPITATION (IN)
  YESTERDAY        0.42          0.79 2012   0.07   0.35     0.69
  MONTH TO DATE    2.32                      1.71   0.61     1.26
  SINCE OCT 1      6.21                     10.38  -4.17     8.15
  SINCE JAN 1      4.20                      6.00  -1.80     5.14

SNOWFALL (IN)
  YESTERDAY        0.0           8.1  1955   0.1   -0.1      0.0
  MONTH TO DATE    5.8                       3.7    2.1       T
  SINCE OCT 1     15.4                      55.6  -40.2     35.5
  SINCE JUL 1     15.4                      55.6  -40.2     35.5
  SNOW DEPTH       0

DEGREE DAYS
 HEATING
  YESTERDAY       19                        12      7       21
  MONTH TO DATE  346                       393    -47      304
  SINCE MAR 1    812                      1055   -243      791
  SINCE JUL 1   4159                      5311  -1152     4778

 COOLING
  YESTERDAY        0                         0      0        0
  MONTH TO DATE    0                         0      0        0
  SINCE MAR 1      0                         0      0        0
  SINCE JAN 1      0                         0      0        0
..................................................................


WIND (MPH)
  RESULTANT WIND SPEED   9   RESULTANT WIND DIRECTION  NW (320)
  HIGHEST WIND SPEED    28   HIGHEST WIND DIRECTION     N (340)
  HIGHEST GUST SPEED    34   HIGHEST GUST DIRECTION     N (340)
  AVERAGE WIND SPEED    11.0


SKY COVER
  POSSIBLE SUNSHINE  MM
  AVERAGE SKY COVER 1.0


WEATHER CONDITIONS
 THE FOLLOWING WEATHER WAS RECORDED YESTERDAY.
  RAIN
  LIGHT RAIN
  FOG


RELATIVE HUMIDITY (PERCENT)
 HIGHEST    96          1200 AM
 LOWEST     50           600 PM
 AVERAGE    73

..........................................................


THE SALT LAKE CITY UT CLIMATE NORMALS FOR TODAY
                         NORMAL    RECORD    YEAR
 MAXIMUM TEMPERATURE (F)   65        85      2000
                                             1987
 MINIMUM TEMPERATURE (F)   42        30      1972
                                             1966
                                             1957


SUNRISE AND SUNSET
APRIL 27 2015.........SUNRISE   632 AM MDT   SUNSET   820 PM MDT
APRIL 28 2015.........SUNRISE   631 AM MDT   SUNSET   821 PM MDT


-  INDICATES NEGATIVE NUMBERS.
R  INDICATES RECORD WAS SET OR TIED.
MM INDICATES DATA IS MISSING.
T  INDICATES TRACE AMOUNT.




$$
