000
CDAK48 PASN 181134
CLISNP

CLIMATE REPORT
NATIONAL WEATHER SERVICE ST PAUL, AK
334 AM AKDT SAT APR 18 2015

...................................
...THE ST PAUL AIRPORT CLIMATE SUMMARY FOR APRIL 17 2015...

CLIMATE NORMAL PERIOD  1981 TO  2010
CLIMATE RECORD PERIOD  1892 TO  2015

WEATHER ITEM   OBSERVED TIME    RECORD YEAR NORMAL DEPARTURE LAST
               VALUE    (LST)   VALUE       VALUE  FROM      YEAR
                                                   NORMAL
...................................................................
TEMPERATURE
YESTERDAY
 MAXIMUM            27  0231 PM    40  2014     34      -7     40
 MINIMUM            20  1159 PM     8  1985     26      -6     30
 AVERAGE            24                          30      -6     35

PRECIPITATION
(INCHES)
 YESTERDAY           T           0.39  1962   0.03   -0.03      T
 MONTH TO DATE    0.75                        0.61    0.14   0.67
 SINCE MAR 1      1.43                        1.68   -0.25   1.87
 SINCE JAN 1      3.75                        4.56   -0.81   6.20

SNOWFALL
(INCHES)
 YESTERDAY           T            3.2  2007    0.2    -0.2      T
 MONTH TO DATE     4.7                         3.9     0.8    1.0
 SINCE MAR 1      14.1                        11.9     2.2    9.4
 SINCE JUL 1      43.8                        56.9   -13.1   43.7
 SNOW DEPTH (IN)     0                                          T

DEGREE DAYS
 HEATING
  YESTERDAY         41                          35       6     30
  MONTH TO DATE    626                         634      -8    552
  SINCE MAR 1     1801                        1871     -70   1798
  SINCE JUL 1     7758                        8790   -1032   8244

 COOLING
  YESTERDAY          0                           0       0      0
  MONTH TO DATE      0                           0       0      0
  SINCE MAR 1        0                           0       0      0
  SINCE JAN 1        0                           0       0      0
...................................................................

WIND (MPH)
 HIGHEST WIND SPEED    38     HIGHEST WIND DIRECTION     20
 HIGHEST GUST SPEED    46     HIGHEST GUST DIRECTION     30
 AVERAGE WIND SPEED  28.2

SKY COVER
  POSSIBLE SUNSHINE    MM          AVERAGE SKY COVER     MM

WEATHER CONDITIONS
 THE FOLLOWING WEATHER WAS RECORDED YESTERDAY.
  SNOW


RELATIVE HUMIDITY
 HIGHEST RH     MM PERCENT       MM
 LOWEST  RH     MM PERCENT       MM
 AVERAGE RH     MM PERCENT       MM
...................................................................

THE ST PAUL CLIMATE NORMALS FOR TODAY
                           NORMAL    RECORD   YEAR
 MAXIMUM TEMPERATURE (F)     34        43     1978
 MINIMUM TEMPERATURE (F)     26         7     1960

SUNRISE AND SUNSET
 APR 18 2015..........SUNRISE  8:05 AM      SUNSET 10:38 PM
 APR 19 2015..........SUNRISE  8:02 AM      SUNSET 10:40 PM

-  INDICATES NEGATIVE NUMBERS.
R  INDICATES RECORD HAS BEEN SET OR TIED.
MM INDICATES DATA IS MISSING.
T  INDICATES TRACE OF PRECIPITATION.

&&
-------------------------------------------------------------------

AMOUNT OF DAYLIGHT TODAY  (HOUR:MIN)........14 HOURS 33 MINUTES
GAIN/LOSS SINCE YESTERDAY (HOUR:MIN:SEC)....+0:04:45

$$
WIW APR 15
