000
CDUS44 KBMX 060811
CLITCL


CLIMATE REPORT
NATIONAL WEATHER SERVICE BIRMINGHAM, AL
309 AM CDT WED MAY 6 2015


...................................

...THE TUSCALOOSA CLIMATE SUMMARY FOR MAY 5 2015...

CLIMATE NORMAL PERIOD 1994 TO 1994
CLIMATE RECORD PERIOD 1994 TO 2015


WEATHER ITEM   OBSERVED TIME   RECORD YEAR NORMAL DEPARTURE LAST
                VALUE   (LST)  VALUE       VALUE  FROM      YEAR
                                                  NORMAL
..................................................................
TEMPERATURE (F)
 YESTERDAY
  MAXIMUM         85    348 PM  95    1952  81      4       88
  MINIMUM         56    522 AM  40    1957  57     -1       56
                                      1954
  AVERAGE         71                        69      2       72

PRECIPITATION (IN)
  YESTERDAY        0.00          0.79 1991   0.13  -0.13     0.00
  MONTH TO DATE    0.00                      0.62  -0.62     0.00
  SINCE MAR 1     12.51                      9.37   3.14    15.74
  SINCE JAN 1     23.26                     20.04   3.22    23.46

..................................................................


WIND (MPH)
  HIGHEST WIND SPEED    14   HIGHEST WIND DIRECTION    SE (150)
  HIGHEST GUST SPEED    20   HIGHEST GUST DIRECTION    SE (150)
  AVERAGE WIND SPEED     4.6


SKY COVER
  AVERAGE SKY COVER 0.1


WEATHER CONDITIONS
 THE FOLLOWING WEATHER WAS RECORDED YESTERDAY.
  FOG
  HAZE


RELATIVE HUMIDITY (PERCENT)
 HIGHEST    93           100 AM
 LOWEST     34           500 PM
 AVERAGE    64

..........................................................


THE TUSCALOOSA CLIMATE NORMALS FOR TODAY
                         NORMAL    RECORD    YEAR
 MAXIMUM TEMPERATURE (F)   81        95      1952
 MINIMUM TEMPERATURE (F)   57        41      1954


SUNRISE AND SUNSET
MAY  6 2015...........SUNRISE   558 AM CDT   SUNSET   737 PM CDT
MAY  7 2015...........SUNRISE   557 AM CDT   SUNSET   737 PM CDT


-  INDICATES NEGATIVE NUMBERS.
R  INDICATES RECORD WAS SET OR TIED.
MM INDICATES DATA IS MISSING.
T  INDICATES TRACE AMOUNT.




$$
