000
CDUS44 KBMX 192133
CLITOI


CLIMATE REPORT
NATIONAL WEATHER SERVICE BIRMINGHAM, AL
432 PM CDT SUN APR 19 2015


...................................

...THE TROY CLIMATE SUMMARY FOR APRIL 19 2015...
VALID AS OF 0400 PM LOCAL TIME.

CLIMATE NORMAL PERIOD 1981 TO 2010
CLIMATE RECORD PERIOD 9999 TO 9999


WEATHER ITEM   OBSERVED TIME   RECORD YEAR NORMAL DEPARTURE LAST
                VALUE   (LST)  VALUE       VALUE  FROM      YEAR
                                                  NORMAL
..................................................................
TEMPERATURE (F)
 TODAY
  MAXIMUM         75    253 PM  MM      MM  77     -2       67
  MINIMUM         69   1249 PM  MM      MM  51     18       53
  AVERAGE         72                        64      8       60

PRECIPITATION (IN)
  TODAY            0.81                      0.14   0.67     0.01
  MONTH TO DATE    6.05                      2.93   3.12     8.80
  SINCE MAR 1      8.63                      8.96  -0.33    14.49
  SINCE JAN 1     15.54                     18.09  -2.55    23.55

SNOWFALL (IN)
  TODAY            0.0                      MM     MM        0.0
  MONTH TO DATE    0.0                      MM     MM        0.0
  SINCE MAR 1      0.0                      MM     MM        0.0
  SINCE JUL 1      0.0                      MM     MM        0.3
  SNOW DEPTH       0

DEGREE DAYS
 HEATING
  TODAY            0                         3     -3        5
  MONTH TO DATE   13                        89    -76       78
  SINCE MAR 1    159                       371   -212      375
  SINCE JUL 1   2160                      2290   -130     2315

 COOLING
  TODAY            7                         2      5        0
  MONTH TO DATE  109                        29     80       23
  SINCE MAR 1    169                        43    126       24
  SINCE JAN 1    171                        48    123       35
..................................................................


WIND (MPH)
  HIGHEST WIND SPEED    16   HIGHEST WIND DIRECTION     S (200)
  HIGHEST GUST SPEED    22   HIGHEST GUST DIRECTION     S (180)
  AVERAGE WIND SPEED     7.4


SKY COVER
  AVERAGE SKY COVER 0.8


WEATHER CONDITIONS
 THE FOLLOWING WEATHER WAS RECORDED TODAY.
  THUNDERSTORM
  HEAVY RAIN
  RAIN
  LIGHT RAIN
  FOG


RELATIVE HUMIDITY (PERCENT)
 HIGHEST   100           300 AM
 LOWEST     74           300 PM
 AVERAGE    87

..........................................................


THE TROY CLIMATE NORMALS FOR TOMORROW
                         NORMAL    RECORD    YEAR
 MAXIMUM TEMPERATURE (F)   78        MM        MM
 MINIMUM TEMPERATURE (F)   51        MM        MM


SUNRISE AND SUNSET
APRIL 19 2015.........SUNRISE   611 AM CDT   SUNSET   716 PM CDT
APRIL 20 2015.........SUNRISE   610 AM CDT   SUNSET   716 PM CDT


-  INDICATES NEGATIVE NUMBERS.
R  INDICATES RECORD WAS SET OR TIED.
MM INDICATES DATA IS MISSING.
T  INDICATES TRACE AMOUNT.




$$
