000
CDUS45 KLKN 250930
CLITPH


CLIMATE REPORT
NATIONAL WEATHER SERVICE ELKO NV
230 AM PDT SAT APR 25 2015


...................................

...THE TONOPAH AIRPORT NV CLIMATE SUMMARY FOR APRIL 24 2015...

CLIMATE NORMAL PERIOD 1981 TO 2010
CLIMATE RECORD PERIOD 1954 TO 2015


WEATHER ITEM   OBSERVED TIME   RECORD YEAR NORMAL DEPARTURE LAST
                VALUE   (LST)  VALUE       VALUE  FROM      YEAR
                                                  NORMAL
..................................................................
TEMPERATURE (F)
 YESTERDAY
  MAXIMUM         62    358 PM  83    1996  67     -5       71
  MINIMUM         39    253 AM  19    1964  37      2       36
  AVERAGE         51                        52     -1       54

PRECIPITATION (IN)
  YESTERDAY        0.11          0.16 1994   0.01   0.10     0.00
  MONTH TO DATE    0.11                      0.34  -0.23     0.01
  SINCE OCT 1      1.03                      3.01  -1.98     1.16
  SINCE JAN 1      0.55                      1.92  -1.37     0.70

DEGREE DAYS
 HEATING
  YESTERDAY       14                        13      1       11
  MONTH TO DATE  370                       393    -23      290
  SINCE MAR 1    823                      1078   -255      904
  SINCE JUL 1   3945                      5120  -1175     4677

 COOLING
  YESTERDAY        0                         0      0        0
  MONTH TO DATE    0                         0      0        0
  SINCE MAR 1      0                         0      0        0
  SINCE JAN 1      0                         0      0        0
..................................................................


WIND (MPH)
  HIGHEST WIND SPEED    25   HIGHEST WIND DIRECTION    NW (320)
  HIGHEST GUST SPEED    31   HIGHEST GUST DIRECTION    NW (320)
  AVERAGE WIND SPEED     9.2



WEATHER CONDITIONS
 THE FOLLOWING WEATHER WAS RECORDED YESTERDAY.
  RAIN
  LIGHT RAIN


RELATIVE HUMIDITY (PERCENT)
 HIGHEST    70           300 AM
 LOWEST     27           400 PM
 AVERAGE    49

..........................................................


THE TONOPAH AIRPORT NV CLIMATE NORMALS FOR TODAY
                         NORMAL    RECORD    YEAR
 MAXIMUM TEMPERATURE (F)   67        79      1992
                                             1987
                                             1966
 MINIMUM TEMPERATURE (F)   37        18      1989


SUNRISE AND SUNSET
APRIL 25 2015.........SUNRISE   600 AM PDT   SUNSET   734 PM PDT
APRIL 26 2015.........SUNRISE   558 AM PDT   SUNSET   734 PM PDT


-  INDICATES NEGATIVE NUMBERS.
R  INDICATES RECORD WAS SET OR TIED.
MM INDICATES DATA IS MISSING.
T  INDICATES TRACE AMOUNT.




$$
