000
CDUS44 KSHV 280753
CLITXK


CLIMATE REPORT
NATIONAL WEATHER SERVICE SHREVEPORT, LA
252 AM CDT TUE APR 28 2015


...................................

...THE TEXARKANA CLIMATE SUMMARY FOR APRIL 27 2015...

CLIMATE NORMAL PERIOD 1981 TO 2010
CLIMATE RECORD PERIOD 1896 TO 2015


WEATHER ITEM   OBSERVED TIME   RECORD YEAR NORMAL DEPARTURE LAST
                VALUE   (LST)  VALUE       VALUE  FROM      YEAR
                                                  NORMAL
..................................................................
TEMPERATURE (F)
 YESTERDAY
  MAXIMUM         70    402 PM  92    1987  78     -8       80
  MINIMUM         53    656 AM  38    1992  56     -3       71
  AVERAGE         62                        67     -5       76

PRECIPITATION (IN)
  YESTERDAY        0.14          1.84 1997   0.15  -0.01     0.02
  MONTH TO DATE    7.81                      3.50   4.31     2.31
  SINCE DEC 1     27.59                     20.14   7.45    15.37
  SINCE JAN 1     24.91                     15.09   9.82     9.54

SNOWFALL (IN)
  YESTERDAY        0.0
  MONTH TO DATE    0.0
  SINCE MAR 1      1.0
  SINCE JUL 1      5.2
  SNOW DEPTH       0

DEGREE DAYS
 HEATING
  YESTERDAY        3                         2      1        0
  MONTH TO DATE   70                       105    -35      134
  SINCE MAR 1    410                       405      5      528
  SINCE JUL 1   2791                      2599    192     2996

 COOLING
  YESTERDAY        0                         4     -4       11
  MONTH TO DATE   81                        63     18       67
  SINCE MAR 1     97                        82     15       74
  SINCE JAN 1     97                        86     11       74
..................................................................


WIND (MPH)
  HIGHEST WIND SPEED    21   HIGHEST WIND DIRECTION    NE (60)
  HIGHEST GUST SPEED    32   HIGHEST GUST DIRECTION    NE (50)
  AVERAGE WIND SPEED    11.8


SKY COVER
  POSSIBLE SUNSHINE  MM
  AVERAGE SKY COVER 0.4


WEATHER CONDITIONS
 THE FOLLOWING WEATHER WAS RECORDED YESTERDAY.
  THUNDERSTORM
  RAIN
  LIGHT RAIN
  FOG


RELATIVE HUMIDITY (PERCENT)
 HIGHEST    93           100 AM
 LOWEST     51           500 PM
 AVERAGE    72

..........................................................


THE TEXARKANA CLIMATE NORMALS FOR TODAY
                         NORMAL    RECORD    YEAR
 MAXIMUM TEMPERATURE (F)   78        89      2002
 MINIMUM TEMPERATURE (F)   56        38      1928


SUNRISE AND SUNSET
APRIL 28 2015.........SUNRISE   631 AM CDT   SUNSET   756 PM CDT
APRIL 29 2015.........SUNRISE   630 AM CDT   SUNSET   757 PM CDT


-  INDICATES NEGATIVE NUMBERS.
R  INDICATES RECORD WAS SET OR TIED.
MM INDICATES DATA IS MISSING.
T  INDICATES TRACE AMOUNT.




$$
