000
CDUS44 KSHV 012245
CLITXK


CLIMATE REPORT
NATIONAL WEATHER SERVICE SHREVEPORT, LA
545 PM CDT WED APR 1 2015


...................................

...THE TEXARKANA CLIMATE SUMMARY FOR APRIL 1 2015...
VALID TODAY AS OF 0500 PM LOCAL TIME.

CLIMATE NORMAL PERIOD 1981 TO 2010
CLIMATE RECORD PERIOD 1896 TO 2015


WEATHER ITEM   OBSERVED TIME   RECORD YEAR NORMAL DEPARTURE LAST
                VALUE   (LST)  VALUE       VALUE  FROM      YEAR
                                                  NORMAL
..................................................................
TEMPERATURE (F)
 TODAY
  MAXIMUM         81    335 PM  88    1918  72      9       75
  MINIMUM         60    201 AM  30    1924  48     12       59
  AVERAGE         71                        60     11       67

PRECIPITATION (IN)
  TODAY            0.00          1.46 1945   0.13  -0.13     0.00
  MONTH TO DATE    0.00                      0.13  -0.13     0.00
  SINCE DEC 1     19.78                     16.77   3.01    13.06
  SINCE JAN 1     17.10                     11.72   5.38     7.23

SNOWFALL (IN)
  TODAY            0.0
  MONTH TO DATE    0.0
  SINCE MAR 1      1.0
  SINCE JUL 1      5.2
  SNOW DEPTH       0

DEGREE DAYS
 HEATING
  TODAY            0                         6     -6        0
  MONTH TO DATE    0                         6     -6        0
  SINCE MAR 1    340                       306     34      394
  SINCE JUL 1   2721                      2500    221     2862

 COOLING
  TODAY            6                         1      5        2
  MONTH TO DATE    6                         1      5        2
  SINCE MAR 1     22                        20      2        9
  SINCE JAN 1     22                        24     -2        9
..................................................................


WIND (MPH)
  HIGHEST WIND SPEED    21   HIGHEST WIND DIRECTION    SW (210)
  HIGHEST GUST SPEED    27   HIGHEST GUST DIRECTION    SW (230)
  AVERAGE WIND SPEED     9.1


SKY COVER
  POSSIBLE SUNSHINE  MM
  AVERAGE SKY COVER 0.4


WEATHER CONDITIONS
 THE FOLLOWING WEATHER WAS RECORDED TODAY.
  FOG
  HAZE


RELATIVE HUMIDITY (PERCENT)
 HIGHEST   100           700 AM
 LOWEST     58           300 PM
 AVERAGE    79

..........................................................


THE TEXARKANA CLIMATE NORMALS FOR TOMORROW
                         NORMAL    RECORD    YEAR
 MAXIMUM TEMPERATURE (F)   72        92      1918
 MINIMUM TEMPERATURE (F)   49        29      1936


SUNRISE AND SUNSET
APRIL  1 2015.........SUNRISE   704 AM CDT   SUNSET   736 PM CDT
APRIL  2 2015.........SUNRISE   703 AM CDT   SUNSET   737 PM CDT


-  INDICATES NEGATIVE NUMBERS.
R  INDICATES RECORD WAS SET OR TIED.
MM INDICATES DATA IS MISSING.
T  INDICATES TRACE AMOUNT.




$$
