000
CDUS44 KSHV 032136
CLITYR


CLIMATE REPORT
NATIONAL WEATHER SERVICE SHREVEPORT, LA
431 PM CDT SUN MAY 3 2015


...................................

...THE TYLER CLIMATE SUMMARY FOR MAY 3 2015...
VALID TODAY AS OF 0400 PM LOCAL TIME.

CLIMATE NORMAL PERIOD 1981 TO 2010
CLIMATE RECORD PERIOD 1896 TO 2015


WEATHER ITEM   OBSERVED TIME   RECORD YEAR NORMAL DEPARTURE LAST
                VALUE   (LST)  VALUE       VALUE  FROM      YEAR
                                                  NORMAL
..................................................................
TEMPERATURE (F)
 TODAY
  MAXIMUM         81    241 PM  93    1943  80      1       87
  MINIMUM         58    546 AM  41    2013  60     -2       48
  AVERAGE         70                        70      0       68

PRECIPITATION (IN)
  TODAY            0.00          3.51 1959   0.14  -0.14     0.00
  MONTH TO DATE    0.00                      0.45  -0.45     0.00
  SINCE DEC 1     24.50                     18.85   5.65    11.79
  SINCE JAN 1     23.03                     14.61   8.42     8.77

DEGREE DAYS
 HEATING
  TODAY            0                         1     -1        0
  MONTH TO DATE    0                         3     -3       10
  SINCE MAR 1    307                       373    -66      464
  SINCE JUL 1   2194                      2265    -71     2528

 COOLING
  TODAY            5                         5      0        3
  MONTH TO DATE   16                        15      1        3
  SINCE MAR 1    189                       115     74      132
  SINCE JAN 1    189                       127     62      135
..................................................................


WIND (MPH)
  HIGHEST WIND SPEED    18   HIGHEST WIND DIRECTION     S (200)
  HIGHEST GUST SPEED    23   HIGHEST GUST DIRECTION     S (190)
  AVERAGE WIND SPEED     9.1


SKY COVER
  POSSIBLE SUNSHINE  MM
  AVERAGE SKY COVER 0.0


WEATHER CONDITIONS
 THE FOLLOWING WEATHER WAS RECORDED TODAY.
  NO SIGNIFICANT WEATHER WAS OBSERVED.


RELATIVE HUMIDITY (PERCENT)
 HIGHEST    87           600 AM
 LOWEST     39           300 PM
 AVERAGE    63

..........................................................


THE TYLER CLIMATE NORMALS FOR TOMORROW
                         NORMAL    RECORD    YEAR
 MAXIMUM TEMPERATURE (F)   80        92      1943
 MINIMUM TEMPERATURE (F)   60        38      2013
                                             1954


SUNRISE AND SUNSET
MAY  3 2015...........SUNRISE   633 AM CDT   SUNSET   804 PM CDT
MAY  4 2015...........SUNRISE   632 AM CDT   SUNSET   805 PM CDT


-  INDICATES NEGATIVE NUMBERS.
R  INDICATES RECORD WAS SET OR TIED.
MM INDICATES DATA IS MISSING.
T  INDICATES TRACE AMOUNT.




$$
