000
CDUS44 KMRX 260811 RRA
CLITYS

CLIMATE REPORT
NATIONAL WEATHER SERVICE MORRISTOWN TN
410 AM EDT SUN APR 26 2015


...................................

...THE KNOXVILLE CLIMATE SUMMARY FOR APRIL 25 2015...

CLIMATE NORMAL PERIOD 1981 TO 2010
CLIMATE RECORD PERIOD 1871 TO 2015


WEATHER ITEM   OBSERVED TIME   RECORD YEAR NORMAL DEPARTURE LAST
                VALUE   (LST)  VALUE       VALUE  FROM      YEAR
                                                  NORMAL
..................................................................
TEMPERATURE (F)
 YESTERDAY
  MAXIMUM         76    236 PM  89    1960  73      3       72
  MINIMUM         52    410 AM  33    1910  50      2       53
  AVERAGE         64                        62      2       63

PRECIPITATION (IN)
  YESTERDAY        0.44          2.64 1932   0.14   0.30     0.02
  MONTH TO DATE    4.05                      3.32   0.73     2.72
  SINCE MAR 1      8.49                      7.66   0.83     5.14
  SINCE JAN 1     15.63                     16.24  -0.61    13.21

SNOWFALL (IN)
  YESTERDAY        0.0                       0.0    0.0      0.0
  MONTH TO DATE    0.0                       0.5   -0.5       T
  SINCE MAR 1      T                         1.4   -1.4      0.5
  SINCE JUL 1      9.3                       6.5    2.8     12.4
  SNOW DEPTH       0

DEGREE DAYS
 HEATING
  YESTERDAY        1                         5     -4        2
  MONTH TO DATE   98                       197    -99      154
  SINCE MAR 1    512                       658   -146      687
  SINCE JUL 1   3777                      3554    223     3734

 COOLING
  YESTERDAY        0                         1     -1        0
  MONTH TO DATE   23                        23      0       14
  SINCE MAR 1     25                        28     -3       14
  SINCE JAN 1     25                        28     -3       14
..................................................................


WIND (MPH)
  HIGHEST WIND SPEED    29   HIGHEST WIND DIRECTION     W (250)
  HIGHEST GUST SPEED    44   HIGHEST GUST DIRECTION     W (280)
  AVERAGE WIND SPEED    11.3


SKY COVER
  POSSIBLE SUNSHINE  MM
  AVERAGE SKY COVER 0.8


WEATHER CONDITIONS
 THE FOLLOWING WEATHER WAS RECORDED YESTERDAY.
  THUNDERSTORM
  HEAVY RAIN
  LIGHT RAIN
  FOG


RELATIVE HUMIDITY (PERCENT)
 HIGHEST    89           600 AM
 LOWEST     55           100 AM
 AVERAGE    72

..........................................................


THE KNOXVILLE    ASOS CLIMATE NORMALS FOR TODAY
                         NORMAL    RECORD    YEAR
 MAXIMUM TEMPERATURE (F)   73        89      1986
 MINIMUM TEMPERATURE (F)   50        34      1873


SUNRISE AND SUNSET
APRIL 26 2015.........SUNRISE   650 AM EDT   SUNSET   818 PM EDT
APRIL 27 2015.........SUNRISE   648 AM EDT   SUNSET   819 PM EDT


-  INDICATES NEGATIVE NUMBERS.
R  INDICATES RECORD WAS SET OR TIED.
MM INDICATES DATA IS MISSING.
T  INDICATES TRACE AMOUNT.




$$
