000
CDUS42 KTAE 260632
CLIVLD


CLIMATE REPORT
NATIONAL WEATHER SERVICE TALLAHASSEE FL
231 AM EDT SUN APR 26 2015


...................................

...THE VALDOSTA CLIMATE SUMMARY FOR APRIL 25 2015...

CLIMATE NORMAL PERIOD 1981 TO 2010
CLIMATE RECORD PERIOD 1948 TO 2015


WEATHER ITEM   OBSERVED TIME   NORMAL DEPARTURE LAST
                VALUE   (LST)  VALUE  FROM      YEAR
                                      NORMAL
......................................................
TEMPERATURE (F)
 YESTERDAY
  MAXIMUM         82    201 PM  82      0       86
  MINIMUM         61    453 AM  55      6       65
  AVERAGE         72            68      4       76

PRECIPITATION (IN)
  YESTERDAY        1.31          0.07   1.24     0.02
  MONTH TO DATE    4.82          2.55   2.27     8.23
  SINCE MAR 1      7.32          7.42  -0.10    12.39
  SINCE JAN 1     16.48         16.15   0.33    18.53

DEGREE DAYS
 HEATING
  YESTERDAY        0             1     -1        0
  MONTH TO DATE    0            63    -63       28
  SINCE MAR 1     96           249   -153      187
  SINCE JUL 1   1580          1629    -49     1238

 COOLING
  YESTERDAY        7             4      3       11
  MONTH TO DATE  181            69    112      119
  SINCE MAR 1    273           102    171      152
  SINCE JAN 1    277           112    165      184
......................................................


WIND (MPH)
  HIGHEST WIND SPEED    16   HIGHEST WIND DIRECTION     S (180)
  HIGHEST GUST SPEED    20   HIGHEST GUST DIRECTION     S (180)
  AVERAGE WIND SPEED     5.5




RELATIVE HUMIDITY (PERCENT)
 HIGHEST   100
 LOWEST     73
 AVERAGE    87

..........................................................




SUNRISE AND SUNSET
APRIL 26 2015.........SUNRISE   654 AM EDT   SUNSET   808 PM EDT
APRIL 27 2015.........SUNRISE   653 AM EDT   SUNSET   809 PM EDT


-  INDICATES NEGATIVE NUMBERS.
R  INDICATES RECORD WAS SET OR TIED.
MM INDICATES DATA IS MISSING.
T  INDICATES TRACE AMOUNT.




$$
