000
CDUS42 KMLB 250635
CLIVRB


CLIMATE REPORT
NATIONAL WEATHER SERVICE MELBOURNE FL
235 AM EDT SAT APR 25 2015


...................................

...THE VERO BEACH CLIMATE SUMMARY FOR APRIL 24 2015...

CLIMATE NORMAL PERIOD 1981 TO 2010
CLIMATE RECORD PERIOD 1942 TO 2015


WEATHER ITEM   OBSERVED TIME   RECORD YEAR NORMAL DEPARTURE LAST
                VALUE   (LST)  VALUE       VALUE  FROM      YEAR
                                                  NORMAL
..................................................................
TEMPERATURE (F)
 YESTERDAY
  MAXIMUM         85    145 PM  94    1968  82      3       84
  MINIMUM         70    614 AM  50    2012  63      7       60
                                      1998
  AVERAGE         78                        72      6       72

PRECIPITATION (IN)
  YESTERDAY        0.00          1.04 1983   0.08  -0.08     0.00
  MONTH TO DATE    2.37                      2.21   0.16     1.99
  SINCE MAR 1      4.75                      6.33  -1.58     3.94
  SINCE JAN 1      8.38                     11.50  -3.12    10.49

SNOWFALL (IN)
  YESTERDAY        0.0
  MONTH TO DATE    0.0
  SINCE JUL 1      0.0

DEGREE DAYS
 HEATING
  YESTERDAY        0                         0      0        0
  MONTH TO DATE    0                        13    -13        5
  SINCE MAR 1     12                        68    -56       33
  SINCE JUL 1    384                       453    -69      268

 COOLING
  YESTERDAY       13                         7      6        7
  MONTH TO DATE  280                       143    137      158
  SINCE MAR 1    523                       272    251      278
  SINCE JAN 1    648                       411    237      486
..................................................................


WIND (MPH)
  HIGHEST WIND SPEED    17   HIGHEST WIND DIRECTION     N (20)
  HIGHEST GUST SPEED    23   HIGHEST GUST DIRECTION    NE (30)
  AVERAGE WIND SPEED     8.8


SKY COVER
  AVERAGE SKY COVER 0.2


WEATHER CONDITIONS
 THE FOLLOWING WEATHER WAS RECORDED YESTERDAY.
  FOG


RELATIVE HUMIDITY (PERCENT)
 HIGHEST    97           500 AM
 LOWEST     61           200 PM
 AVERAGE    79

..........................................................


THE VERO BEACH CLIMATE NORMALS FOR TODAY
                         NORMAL    RECORD    YEAR
 MAXIMUM TEMPERATURE (F)   82        95      1945
 MINIMUM TEMPERATURE (F)   63        44      2012
                                             2005


SUNRISE AND SUNSET
APRIL 25 2015.........SUNRISE   648 AM EDT   SUNSET   752 PM EDT
APRIL 26 2015.........SUNRISE   647 AM EDT   SUNSET   753 PM EDT


-  INDICATES NEGATIVE NUMBERS.
R  INDICATES RECORD WAS SET OR TIED.
MM INDICATES DATA IS MISSING.
T  INDICATES TRACE AMOUNT.




$$
