000
CDUS43 KLBF 050931
CLIVTN

CLIMATE REPORT
NATIONAL WEATHER SERVICE NORTH PLATTE
430 AM CDT TUE MAY 5 2015


...................................

...THE VALENTINE NE CLIMATE SUMMARY FOR MAY 4 2015...

CLIMATE NORMAL PERIOD 1981 TO 2010
CLIMATE RECORD PERIOD 1885 TO 2015


WEATHER ITEM   OBSERVED TIME   RECORD YEAR NORMAL DEPARTURE LAST
                VALUE   (LST)  VALUE       VALUE  FROM      YEAR
                                                  NORMAL
..................................................................
TEMPERATURE (F)
 YESTERDAY
  MAXIMUM         68    357 PM  93    2000  67      1       65
                                      1986
                                      1966
  MINIMUM         46    606 AM  24    2013  40      6       38
                                      1945
  AVERAGE         57                        54      3       52

PRECIPITATION (IN)
  YESTERDAY        T             1.27 2007   0.09  -0.09     0.00
  MONTH TO DATE    0.08                      0.37  -0.29     0.00
  SINCE MAR 1      1.73                      3.66  -1.93     3.54
  SINCE JAN 1      2.35                      4.40  -2.05     4.20

SNOWFALL (IN)
  YESTERDAY        0.0           2.5  1908   0.1   -0.1      0.0
  MONTH TO DATE    0.0                       0.1   -0.1      0.0
  SINCE MAR 1      0.8                      11.2  -10.4      8.3
  SINCE JUL 1     22.5                      33.3  -10.8     34.8
  SNOW DEPTH       0

DEGREE DAYS
 HEATING
  YESTERDAY        8                        12     -4       13
  MONTH TO DATE   20                        50    -30       57
  SINCE MAR 1   1158                      1497   -339     1552
  SINCE JUL 1   6284                      6733   -449     7030

 COOLING
  YESTERDAY        0                         1     -1        0
  MONTH TO DATE    1                         1      0        0
  SINCE MAR 1      3                         5     -2        0
  SINCE JAN 1      3                         5     -2        0
..................................................................


WIND (MPH)
  HIGHEST WIND SPEED    22   HIGHEST WIND DIRECTION     E (80)
  HIGHEST GUST SPEED    27   HIGHEST GUST DIRECTION     E (80)
  AVERAGE WIND SPEED    10.4


SKY COVER
  POSSIBLE SUNSHINE  MM
  AVERAGE SKY COVER 0.6


WEATHER CONDITIONS
 THE FOLLOWING WEATHER WAS RECORDED YESTERDAY.
  LIGHT RAIN


RELATIVE HUMIDITY (PERCENT)
 HIGHEST    58           600 AM
 LOWEST     20           300 PM
 AVERAGE    39

..........................................................


THE VALENTINE NE CLIMATE NORMALS FOR TODAY
                         NORMAL    RECORD    YEAR
 MAXIMUM TEMPERATURE (F)   68        98      2004
 MINIMUM TEMPERATURE (F)   40        23      1944


SUNRISE AND SUNSET
MAY  5 2015...........SUNRISE   631 AM CDT   SUNSET   847 PM CDT
MAY  6 2015...........SUNRISE   630 AM CDT   SUNSET   848 PM CDT


-  INDICATES NEGATIVE NUMBERS.
R  INDICATES RECORD WAS SET OR TIED.
MM INDICATES DATA IS MISSING.
T  INDICATES TRACE AMOUNT.

$$
