000
CDUS46 KPQR 271142
CLIVUO


CLIMATE REPORT
NATIONAL WEATHER SERVICE PORTLAND OREGON
441 AM PDT MON APR 27 2015


...................................

...THE VANCOUVER WA CLIMATE SUMMARY FOR APRIL 26 2015...

CLIMATE NORMAL PERIOD 1981 TO 2010
CLIMATE RECORD PERIOD 1891 TO 2015


WEATHER ITEM   OBSERVED TIME   RECORD YEAR NORMAL DEPARTURE LAST
                VALUE   (LST)  VALUE       VALUE  FROM      YEAR
                                                  NORMAL
..................................................................
TEMPERATURE (F)
 YESTERDAY
  MAXIMUM         60    259 PM  86    2004  64     -4       56
  MINIMUM         40    200 AM  28    1984  44     -4       40
  AVERAGE         50                        54     -4       48

PRECIPITATION (IN)
  YESTERDAY        0.03                      0.10  -0.07     0.19
  MONTH TO DATE    1.77                      2.68  -0.91     2.96
  SINCE OCT 1     28.86                     31.53  -2.67    21.84
  SINCE JAN 1     13.97                     15.78  -1.81    16.37

DEGREE DAYS
 HEATING
  YESTERDAY       15                                        17
  MONTH TO DATE  373                                       330
  SINCE JUL 1   3457                                      4312

 COOLING
  YESTERDAY        0                                         0
  MONTH TO DATE    0                                         0
  SINCE JAN 1      0                                         0
..................................................................


WIND (MPH)
  HIGHEST WIND SPEED     9   HIGHEST WIND DIRECTION    SE (140)
  HIGHEST GUST SPEED    14   HIGHEST GUST DIRECTION    SE (120)
  AVERAGE WIND SPEED     3.5


SKY COVER
  POSSIBLE SUNSHINE  MM
  AVERAGE SKY COVER 0.7


WEATHER CONDITIONS
 THE FOLLOWING WEATHER WAS RECORDED YESTERDAY.
  LIGHT RAIN
  FOG


RELATIVE HUMIDITY (PERCENT)
 HIGHEST    89           500 AM
 LOWEST     47           200 PM
 AVERAGE    68

..........................................................




SUNRISE AND SUNSET
APRIL 27 2015.........SUNRISE   605 AM PDT   SUNSET   812 PM PDT
APRIL 28 2015.........SUNRISE   603 AM PDT   SUNSET   814 PM PDT


-  INDICATES NEGATIVE NUMBERS.
R  INDICATES RECORD WAS SET OR TIED.
MM INDICATES DATA IS MISSING.
T  INDICATES TRACE AMOUNT.




$$
