000
CDUS46 KLOX 050912
CLIWJF


CLIMATE REPORT
NATIONAL WEATHER SERVICE LOS ANGELES/OXNARD CA
212 AM PDT TUE MAY 5 2015


...................................

...THE LANCASTER FOX FIELD CA CLIMATE SUMMARY FOR MAY 4 2015...

CLIMATE NORMAL PERIOD 1981 TO 2010
CLIMATE RECORD PERIOD 1948 TO 2015


WEATHER ITEM   OBSERVED TIME   RECORD YEAR NORMAL DEPARTURE
                VALUE   (LST)  VALUE       VALUE  FROM
                                                  NORMAL
...............................................................
TEMPERATURE (F)
 YESTERDAY
  MAXIMUM         78   1138 AM  95    2004  79     -1
  MINIMUM         53    503 AM  37    1991  51      2
  AVERAGE         66                        65      1

PRECIPITATION (IN)
  YESTERDAY        0.00          0.28 1998   0.00   0.00
  MONTH TO DATE    0.00                      0.02  -0.02
  SINCE OCT 1      4.33                      6.92  -2.59
  SINCE JAN 1      1.41                      4.79  -3.38

SNOWFALL (IN)
  YESTERDAY        0.0           0.0    MM
  MONTH TO DATE    0.0
  SINCE MAR 1      0.0
  SINCE JUL 1      0.0
  SNOW DEPTH       0

DEGREE DAYS
 HEATING
  YESTERDAY        0                               -3
  MONTH TO DATE    0                              -14
  SINCE MAR 1    402                             -187
  SINCE JUL 1   2271                             -611

 COOLING
  YESTERDAY        1                               -2
  MONTH TO DATE   11                                0
  SINCE MAR 1     39                               -2
  SINCE JAN 1     39                               -2
...............................................................


WIND (MPH)
  HIGHEST WIND SPEED    32   HIGHEST WIND DIRECTION    SW (240)
  HIGHEST GUST SPEED    40   HIGHEST GUST DIRECTION     W (250)
  AVERAGE WIND SPEED    18.4




RELATIVE HUMIDITY (PERCENT)
 HIGHEST    55
 LOWEST     19
 AVERAGE    37

..........................................................


THE LANCASTER FOX FIELD CA CLIMATE NORMALS FOR TODAY
                         NORMAL    RECORD    YEAR
 MAXIMUM TEMPERATURE (F)   79        97      1989
 MINIMUM TEMPERATURE (F)   51        37      1952


SUNRISE AND SUNSET
MAY  5 2015...........SUNRISE   559 AM PDT   SUNSET   741 PM PDT
MAY  6 2015...........SUNRISE   558 AM PDT   SUNSET   742 PM PDT


-  INDICATES NEGATIVE NUMBERS.
R  INDICATES RECORD WAS SET OR TIED.
MM INDICATES DATA IS MISSING.
T  INDICATES TRACE AMOUNT.




$$
