000
CDUS45 KLKN 260033
CLIWMC


CLIMATE REPORT
NATIONAL WEATHER SERVICE ELKO NV
533 PM PDT SAT APR 25 2015


...................................

...THE WINNEMUCCA AIRPORT NV CLIMATE SUMMARY FOR APRIL 25 2015...
VALID TODAY AS OF 0500 PM LOCAL TIME.

CLIMATE NORMAL PERIOD 1981 TO 2010
CLIMATE RECORD PERIOD 1877 TO 2015


WEATHER ITEM   OBSERVED TIME   RECORD YEAR NORMAL DEPARTURE LAST
                VALUE   (LST)  VALUE       VALUE  FROM      YEAR
                                                  NORMAL
..................................................................
TEMPERATURE (F)
 TODAY
  MAXIMUM         46    203 PM  87    1910  65    -19       52
  MINIMUM         32    935 AM  13    1960  33     -1       36
  AVERAGE         39                        49    -10       44

PRECIPITATION (IN)
  TODAY            0.45          0.59 1883   0.03   0.42     0.21
  MONTH TO DATE    1.64                      0.72   0.92     0.46
  SINCE OCT 1      5.55                      5.56  -0.01     5.84
  SINCE JAN 1      2.98                      3.08  -0.10     3.18

SNOWFALL (IN)
  TODAY            1.0           2.1  1994   0.0    1.0      0.0
  MONTH TO DATE    2.4                       1.4    1.0      1.2
  SINCE MAR 1      2.4                       4.6   -2.2      1.9
  SINCE JUL 1      5.3                      20.6  -15.3     23.4
  SNOW DEPTH       0

DEGREE DAYS
 HEATING
  TODAY           26                        16     10       21
  MONTH TO DATE  518                       475     43      426
  SINCE MAR 1   1115                      1214    -99     1129
  SINCE JUL 1   4897                      5803   -906     5788

 COOLING
  TODAY            0                         0      0        0
  MONTH TO DATE    0                         0      0        0
  SINCE MAR 1      0                         0      0        0
  SINCE JAN 1      0                         0      0        0
..................................................................


WIND (MPH)
  HIGHEST WIND SPEED    20   HIGHEST WIND DIRECTION     N (350)
  HIGHEST GUST SPEED    25   HIGHEST GUST DIRECTION     N (350)



WEATHER CONDITIONS
 THE FOLLOWING WEATHER WAS RECORDED TODAY.
  RAIN
  LIGHT RAIN
  SNOW
  LIGHT SNOW
  FOG
  FOG W/VISIBILITY <= 1/4 MILE


RELATIVE HUMIDITY (PERCENT)
 HIGHEST   100           300 AM
 LOWEST     65           200 PM
 AVERAGE    83

..........................................................


THE WINNEMUCCA AIRPORT NV CLIMATE NORMALS FOR TOMORROW
                         NORMAL    RECORD    YEAR
 MAXIMUM TEMPERATURE (F)   66        86      1987
 MINIMUM TEMPERATURE (F)   33        13      1985


SUNRISE AND SUNSET
APRIL 25 2015.........SUNRISE   558 AM PDT   SUNSET   741 PM PDT
APRIL 26 2015.........SUNRISE   556 AM PDT   SUNSET   742 PM PDT


-  INDICATES NEGATIVE NUMBERS.
R  INDICATES RECORD WAS SET OR TIED.
MM INDICATES DATA IS MISSING.
T  INDICATES TRACE AMOUNT.




$$
