000
CDUS45 KRIW 010739
CLIWRL


CLIMATE REPORT
NATIONAL WEATHER SERVICE RIVERTON WY
128 AM MDT WED APR 1 2015


...................................

...THE WORLAND WY CLIMATE SUMMARY FOR MARCH 31 2015...

CLIMATE NORMAL PERIOD 1981 TO 2010
CLIMATE RECORD PERIOD 1947 TO 2015


WEATHER ITEM   OBSERVED TIME   RECORD YEAR NORMAL DEPARTURE LAST
                VALUE   (LST)  VALUE       VALUE  FROM      YEAR
                                                  NORMAL
..................................................................
TEMPERATURE (F)
 YESTERDAY
  MAXIMUM         77    321 PM  81    2012  56     21       40
  MINIMUM         30    615 AM  13    2009  27      3       28
  AVERAGE         54                        41     13       34

PRECIPITATION (IN)
  YESTERDAY        0.00          0.16 2007   0.02  -0.02     0.00
  MONTH TO DATE    T                         0.46  -0.46     0.40
  SINCE MAR 1      T                         0.46  -0.46     0.40
  SINCE JAN 1      0.77                      0.88  -0.11     0.78

DEGREE DAYS
 HEATING
  YESTERDAY       11                        24    -13       31
  MONTH TO DATE  721                       885   -164      940
  SINCE MAR 1    721                       885   -164      940
  SINCE JUL 1   6630                      6886   -256     7320

 COOLING
  YESTERDAY        0                         0      0        0
  MONTH TO DATE    0                         0      0        0
  SINCE MAR 1      0                         0      0        0
  SINCE JAN 1      0                         0      0        0
..................................................................


WIND (MPH)
  HIGHEST WIND SPEED    24   HIGHEST WIND DIRECTION     S (200)
  HIGHEST GUST SPEED    29   HIGHEST GUST DIRECTION     S (200)
  AVERAGE WIND SPEED     7.0


SKY COVER
  POSSIBLE SUNSHINE  MM
  AVERAGE SKY COVER 0.0


WEATHER CONDITIONS
 THE FOLLOWING WEATHER WAS RECORDED YESTERDAY.
  NO SIGNIFICANT WEATHER WAS OBSERVED.


RELATIVE HUMIDITY (PERCENT)
 HIGHEST    69           500 AM
 LOWEST     12           200 PM
 AVERAGE    41

..........................................................


THE WORLAND WY CLIMATE NORMALS FOR TODAY
                         NORMAL    RECORD    YEAR
 MAXIMUM TEMPERATURE (F)   56        74      2012
 MINIMUM TEMPERATURE (F)   27         9      2008


SUNRISE AND SUNSET
APRIL  1 2015.........SUNRISE   654 AM MDT   SUNSET   739 PM MDT
APRIL  2 2015.........SUNRISE   652 AM MDT   SUNSET   740 PM MDT


-  INDICATES NEGATIVE NUMBERS.
R  INDICATES RECORD WAS SET OR TIED.
MM INDICATES DATA IS MISSING.
T  INDICATES TRACE AMOUNT.




$$
