000
CDUS41 KPBZ 252136
CLIZZV


CLIMATE REPORT
NATIONAL WEATHER SERVICE PITTSBURGH PA
535 PM EDT SAT APR 25 2015


...................................

...THE ZANESVILLE OH CLIMATE SUMMARY FOR APRIL 25 2015...
VALID TODAY AS OF 0500 PM LOCAL TIME.

CLIMATE NORMAL PERIOD 1981 TO 2010
CLIMATE RECORD PERIOD 1946 TO 2015


WEATHER ITEM   OBSERVED TIME   RECORD YEAR NORMAL DEPARTURE LAST
                VALUE   (LST)  VALUE       VALUE  FROM      YEAR
                                                  NORMAL
..................................................................
TEMPERATURE (F)
 TODAY
  MAXIMUM         49   1234 PM  87    2009  67    -18       58
                                      1948
  MINIMUM         42    735 AM  28    1995  43     -1       39
  AVERAGE         46                        55     -9       49

PRECIPITATION (IN)
  TODAY            0.22         MM      MM   0.11   0.11     0.42
  MONTH TO DATE    5.72                      2.88   2.84     3.38
  SINCE JUN 1     35.46                     33.11   2.35    36.09
  SINCE JAN 1     13.05                     10.71   2.34     7.78

DEGREE DAYS
 HEATING
  TODAY           19                        11      8       16
  MONTH TO DATE  289                       363    -74      325
  SINCE MAR 1   1159                      1116     43     1226
  SINCE JUL 1   5816                      5307    509     5783

 COOLING
  TODAY            0                         0      0        0
  MONTH TO DATE    1                         0      1        5
  SINCE MAR 1      1                         1      0        5
  SINCE JAN 1      1                         1      0        5
..................................................................


WIND (MPH)
  HIGHEST WIND SPEED    17   HIGHEST WIND DIRECTION     E (70)
  HIGHEST GUST SPEED    21   HIGHEST GUST DIRECTION     E (90)
  AVERAGE WIND SPEED     8.3


SKY COVER
  POSSIBLE SUNSHINE  MM
  AVERAGE SKY COVER 1.0


WEATHER CONDITIONS
 THE FOLLOWING WEATHER WAS RECORDED TODAY.
  RAIN
  LIGHT RAIN
  FOG


RELATIVE HUMIDITY (PERCENT)
 HIGHEST    83           400 PM
 LOWEST     38           200 AM
 AVERAGE    61

..........................................................


THE ZANESVILLE OH CLIMATE NORMALS FOR TOMORROW
                         NORMAL    RECORD    YEAR
 MAXIMUM TEMPERATURE (F)   67        87      1990
 MINIMUM TEMPERATURE (F)   43        27      1972


SUNRISE AND SUNSET
APRIL 25 2015.........SUNRISE   636 AM EDT   SUNSET   816 PM EDT
APRIL 26 2015.........SUNRISE   635 AM EDT   SUNSET   817 PM EDT


-  INDICATES NEGATIVE NUMBERS.
R  INDICATES RECORD WAS SET OR TIED.
MM INDICATES DATA IS MISSING.
T  INDICATES TRACE AMOUNT.




$$
