000
CXUS54 KEWX 011544
CLMAUS

SATCLMAUS 000
TTAA00 KEWX 011514


CLIMATE REPORT
NATIONAL WEATHER SERVICE AUSTIN/SAN ANTONIO, TX
1045 AM CDT WED APR 1 2015

...................................

...THE AUSTIN BERGSTROM CLIMATE SUMMARY FOR THE MONTH OF MARCH 2015...

CLIMATE NORMAL PERIOD 1981 TO 2010
CLIMATE RECORD PERIOD 1943 TO 2015

WEATHER         OBSERVED          NORMAL  DEPART  LAST YEAR`S
                 VALUE   DATE(S)  VALUE   FROM    VALUE  DATE(S)
                                          NORMAL
................................................................
TEMPERATURE (F)
HIGHEST            82   03/29                         90  03/28
LOWEST             21   03/06                         23  03/03
AVG. MAXIMUM     68.6              71.8    -3.2     70.0
AVG. MINIMUM     48.0              46.6     1.4     43.5
MEAN             58.3              59.2    -0.9     56.7
DAYS MAX >= 90      0                                  1
DAYS MAX <= 32      0                                  0
DAYS MIN <= 32      2                                  4
DAYS MIN <= 0       0                                  0

PRECIPITATION (INCHES)
TOTALS           4.04              2.78    1.26     1.19
DAILY AVG.       0.13              0.08    0.05     0.04
DAYS >= .01        12                                  6
DAYS >= .10         6                                  4
DAYS >= .50         3                                  1
DAYS >= 1.00        1                                  0
GREATEST
 24 HR. TOTAL    1.58   03/09 TO 03/09

SNOWFALL (INCHES)
TOTALS            0.0                MM      MM      0.0
SINCE 7/1           T                MM      MM        T

DEGREE_DAYS
HEATING TOTAL     236               222      14      280
 SINCE 7/1       1950              1837     113     2097
COOLING TOTAL      38                42      -4       32
 SINCE 1/1         40                58     -18       49
.................................................................

WIND (MPH)
AVERAGE WIND SPEED              8.4
HIGHEST WIND SPEED/DIRECTION    35/360    DATE  03/05
HIGHEST GUST SPEED/DIRECTION    41/010    DATE  03/05

SKY COVER
POSSIBLE SUNSHINE (PERCENT)   MM
AVERAGE SKY COVER           0.70
NUMBER OF DAYS FAIR            5
NUMBER OF DAYS PC             10
NUMBER OF DAYS CLOUDY         16

AVERAGE RH (PERCENT)     79

WEATHER CONDITIONS. NUMBER OF DAYS WITH
THUNDERSTORM              0     MIXED PRECIP               0
HEAVY RAIN                2     RAIN                       4
LIGHT RAIN               15     FREEZING RAIN              0
LT FREEZING RAIN          1     HAIL                       0
HEAVY SNOW                0     SNOW                       0
LIGHT SNOW                0     SLEET                      0
FOG                      18     FOG W/VIS <= 1/4 MILE      4
HAZE                      2

-  INDICATES NEGATIVE NUMBERS.
R  INDICATES RECORD WAS SET OR TIED.
MM INDICATES DATA IS MISSING.
T  INDICATES TRACE AMOUNT.

&&

MONTHLY CLIMATE SUMMARY
MARCH 2015 WAS THE 16TH COOLEST AND 9TH WETTEST
SINCE RECORD KEEPING BEGAN.

SEA LEVEL PRESSURE DATA
HIGHEST SLP 30.17 ON THE 30TH
LOWEST  SLP 29.90 ON THE 31ST


PRELIMINARY LOCAL CLIMATOLOGICAL DATA (WS FORM: F-6)

                                          STATION:   AUSTIN BERGSTROM
                                          MONTH:     MARCH
                                          YEAR:      2015
                                          LATITUDE:   30 13 N
                                          LONGITUDE:  97 40 W

  TEMPERATURE IN F:       :PCPN:    SNOW:  WIND      :SUNSHINE: SKY     :PK WND
================================================================================
1   2   3   4   5  6A  6B    7    8   9   10  11  12  13   14  15   16   17  18
                                     12Z  AVG MX 2MIN
DY MAX MIN AVG DEP HDD CDD  WTR  SNW DPTH SPD SPD DIR MIN PSBL S-S WX    SPD DR
================================================================================

 1  43  35  39 -16  26   0 0.11  0.0    0 12.0 21  10   M    M  10 1      23  10
 2  45  38  42 -13  23   0 0.04  0.0    0 10.4 16  20   M    M  10 12     20  20
 3  59  41  50  -6  15   0 0.02  0.0    0  3.7 12 210   M    M  10 12     15 210
 4  70  35  53  -3  12   0 0.03  0.0    0 10.0 30 360   M    M  10 12     38 360
 5  46  26  36 -20  29   0 0.09  0.0    0 20.0 35 360   M    M   5 6      41  10
 6  54  21  38 -18  27   0 0.00  0.0    0  4.3 12  30   M    M   4        17  70
 7  60  34  47 -10  18   0    T  0.0    0  3.0 13 100   M    M   9        15 140
 8  53  48  51  -6  14   0 0.52  0.0    0  5.5 13 150   M    M  10 1      16 150
 9  54  48  51  -6  14   0 1.58  0.0    0  8.3 14  10   M    M  10 1      16 360
10  64  47  56  -2   9   0    T  0.0    0  6.6 14  10   M    M  10        19  60
11  59  54  57  -1   8   0 0.00  0.0    0 11.3 20  20   M    M  10 1      25  20
12  70  52  61   3   4   0 0.02  0.0    0  9.0 20  10   M    M   8        23  10
13  76  50  63   5   2   0 0.00  0.0    0  5.1 15 320   M    M   7 1      23 280
14  77  48  63   4   2   0 0.00  0.0    0  9.1 20  20   M    M   4        26 330
15  68  44  56  -3   9   0 0.00  0.0    0  5.0 16  20   M    M   7        21  40
16  75  47  61   2   4   0    T  0.0    0  4.2 14 130   M    M   8 18     18 100
17  76  63  70  10   0   5    T  0.0    0  4.7 15 180   M    M   9 1      18 180
18  78  60  69   9   0   4 0.21  0.0    0 10.5 23 140   M    M   6        30 150
19  80  57  69   9   0   4 0.00  0.0    0  7.1 16 160   M    M   8 12     21 150
20  73  59  66   6   0   1 0.98  0.0    0  7.8 21 340   M    M  10 18     26 340
21  61  56  59  -2   6   0 0.38  0.0    0  8.6 18 360   M    M  10 1      22  10
22  77  52  65   4   0   0 0.00  0.0    0  4.4 15  40   M    M   7 1      19  30
23  79  46  63   2   2   0 0.00  0.0    0  3.9 10 180   M    M   1 1      14 180
24  80  51  66   5   0   1 0.00  0.0    0 10.1 18 180   M    M   3 1      27 170
25  80  61  71   9   0   6 0.00  0.0    0 11.5 20 180   M    M   7        24 160
26  69  47  58  -4   7   0 0.06  0.0    0 15.0 31 350   M    M   7 13     40 350
27  80  49  65   3   0   0 0.00  0.0    0  6.2 16 340   M    M   1        19 360
28  81  39  60  -2   5   0 0.00  0.0    0  9.3 24 190   M    M   0        32 180
29  82  53  68   5   0   3 0.00  0.0    0 13.6 25 180   M    M   1        31 180
30  80  61  71   8   0   6 0.00  0.0    0  8.1 15 180   M    M   7        21 180
31  79  66  73  10   0   8 0.00  0.0    0 11.6 20 190   M    M   8 1      25 150
================================================================================
SM 2128 1488       236  38  4.04     0.0 259.9          M      217
================================================================================
AV 68.6 48.0                               8.4 FASTST   M    M   7    MAX(MPH)
                                 MISC ---->  # 35 360               # 41   10
================================================================================
NOTES:
# LAST OF SEVERAL OCCURRENCES

COLUMN 17 PEAK WIND IN M.P.H.

SYMBOLS USED IN COLUMN 16
1 = FOG OR MIST
2 = FOG REDUCING VISIBILITY
3 = THUNDER
4 = ICE PELLETS
5 = HAIL
6 = FREEZING RAIN OR DRIZZLE
7 = DUSTSTORM OR SANDSTORM:
8 = SMOKE OR HAZE
9 = BLOWING SNOW
X = TORNADO

$$
