000
CXUS51 KILN 011344
CLMCVG


CLIMATE REPORT
NATIONAL WEATHER SERVICE WILMINGTON OH
940 AM EDT FRI MAY 1 2015

...................................

...THE CINCINNATI CLIMATE SUMMARY FOR THE MONTH OF APRIL 2015...

CLIMATE NORMAL PERIOD 1981 TO 2010
CLIMATE RECORD PERIOD 1869 TO 2015

WEATHER         OBSERVED          NORMAL  DEPART  LAST YEAR`S
                 VALUE   DATE(S)  VALUE   FROM    VALUE  DATE(S)
                                          NORMAL
................................................................
TEMPERATURE (F)
RECORD
 HIGH              90   04/11/1930
                        04/24/1925
 LOW               15   04/09/1997
HIGHEST            79   04/13        64      15       81  04/13
LOWEST             31   04/23        43     -12       27  04/16
AVG. MAXIMUM     66.0              64.7     1.3     67.3
AVG. MINIMUM     45.3              43.7     1.6     44.6
MEAN             55.7              54.2     1.5     56.0
DAYS MAX >= 90      0               0.0     0.0        0
DAYS MAX <= 32      0               0.0     0.0        0
DAYS MIN <= 32      2               3.3    -1.3        2
DAYS MIN <= 0       0               0.0     0.0        0

PRECIPITATION (INCHES)
TOTALS           5.13              3.89    1.24     6.66
DAILY AVG.       0.17              0.13    0.04     0.22
DAYS >= .01        16              12.7     3.3       10
DAYS >= .10        11               8.2     2.8        9
DAYS >= .50         4               2.7     1.3        6
DAYS >= 1.00        1               0.8     0.2        3
GREATEST
 24 HR. TOTAL    2.15   04/02 TO 04/03           04/02 TO 04/03
                                                          04/15 TO 04/15
                                                          04/15 TO 04/15
 STORM TOTAL       MM                                 MM
 (MM/DD(HH))            MM                    04/03(00) TO 04/03(00)
                                                 04/15(00) TO 04/15(00)5
                                                 04/15(00) TO 04/15(00)5

SNOWFALL (INCHES)
TOTALS            0.0               0.5    -0.5      0.6
SINCE 7/1        29.9              22.1     7.8     47.5
DAYS >= TRACE       0               0.6    -0.6        2
DAYS >= 1.0         0               0.3    -0.3        0
GREATEST
 24 HR TOTAL      0.0   04/29 TO 04/29           04/15 TO 04/15
                                                          04/15 TO 04/15
                                                          04/15 TO 04/15
 STORM TOTAL       MM                                 MM
 (MM/DD(HH))            MM                    04/15(00) TO 04/15(00)
                                                 04/15(00) TO 04/15(00)5
                                                 04/15(00) TO 04/15(00)5

DEGREE_DAYS
HEATING TOTAL     277               341     -64      271
 SINCE 7/1       5209              4834     375     5297
COOLING TOTAL       5                18     -13        7
 SINCE 1/1          5                18     -13        7
......................................................

WIND (MPH)
AVERAGE WIND SPEED              9.1
RESULTANT WIND SPEED/DIRECTION   1/224
HIGHEST WIND SPEED/DIRECTION    40/210    DATE  04/10
HIGHEST GUST SPEED/DIRECTION    64/190    DATE  04/10

SKY COVER
AVERAGE SKY COVER           0.60

AVERAGE RH (PERCENT)     62

WEATHER CONDITIONS. NUMBER OF DAYS WITH
THUNDERSTORM              0     MIXED PRECIP               0
HEAVY RAIN                7     RAIN                       7
LIGHT RAIN               18     FREEZING RAIN              0
LT FREEZING RAIN          0     HAIL                       1
HEAVY SNOW                0     SNOW                       0
LIGHT SNOW                0     SLEET                      0
FOG                      12     FOG W/VIS <= 1/4 MILE      0
HAZE                      4

-  INDICATES NEGATIVE NUMBERS.
R  INDICATES RECORD WAS SET OR TIED.
MM INDICATES DATA IS MISSING.
T  INDICATES TRACE AMOUNT.

$$
