000
CXUS54 KLUB 011814
CLMLBB


CLIMATE REPORT
NATIONAL WEATHER SERVICE LUBBOCK, TX
114 PM CDT FRI MAY 1 2015

...................................

...THE LUBBOCK CLIMATE SUMMARY FOR THE MONTH OF APRIL 2015...

CLIMATE NORMAL PERIOD 1981 TO 2010
CLIMATE RECORD PERIOD 1911 TO 2015

WEATHER         OBSERVED          NORMAL  DEPART  LAST YEAR`S
                 VALUE   DATE(S)  VALUE   FROM    VALUE  DATE(S)
                                          NORMAL
................................................................
TEMPERATURE (F)
RECORD
 HIGH             104   04/25/2012
 LOW               18   04/04/1920
HIGHEST            90   04/07                         92  04/12
LOWEST             38   04/29                         25  04/15
                        04/20
AVG. MAXIMUM     76.3              75.4     0.9     77.0
AVG. MINIMUM     47.9              45.7     2.2     44.7
MEAN             62.1              60.5     1.6     60.9
DAYS MAX >= 90      1               1.3    -0.3        5
DAYS MAX <= 32      0               0.0     0.0        0
DAYS MIN <= 32      0               1.3    -1.3        3
DAYS MIN <= 0       0               0.0     0.0        0

PRECIPITATION (INCHES)
RECORD
 MAXIMUM         6.18   1915
 MINIMUM         0.00   2011
TOTALS           1.24              1.41   -0.17     0.57
DAILY AVG.       0.04              0.05   -0.01     0.02
DAYS >= .01         8                                  3
DAYS >= .10         3                                  2
DAYS >= .50         1                                  0
DAYS >= 1.00        0                                  0
GREATEST
 24 HR. TOTAL    0.51   04/12 TO 04/13

SNOWFALL (INCHES)
RECORDS
 TOTAL            6.8   1942
 24 HR TOTAL       MM
 SNOW DEPTH        MM   MM
TOTALS            0.0               0.2    -0.2        T
SINCE 7/1        14.7               8.2     6.5      4.2
SNOWDEPTH AVG.      0                MM      MM        0
DAYS >= TRACE       0               0.2    -0.2        1
DAYS >= 1.0         0               0.1    -0.1        0
GREATEST
 SNOW DEPTH         0   MM                             0  MM
 24 HR TOTAL      0.0   04/30 TO 04/30           04/14 TO 04/14
                                                          04/19 TO 04/19
                                                          04/19 TO 04/19

DEGREE_DAYS
HEATING TOTAL     132               183     -51      170
 SINCE 7/1       3231              3337    -106     3462
COOLING TOTAL      52                49       3       55
 SINCE 1/1         55                56      -1       58
..........................................................

WIND (MPH)
AVERAGE WIND SPEED              13.4
HIGHEST WIND SPEED/DIRECTION    52/260    DATE  04/08
HIGHEST GUST SPEED/DIRECTION    65/260    DATE  04/08

SKY COVER
POSSIBLE SUNSHINE (PERCENT)   MM
AVERAGE SKY COVER           0.50
NUMBER OF DAYS FAIR           11
NUMBER OF DAYS PC             13
NUMBER OF DAYS CLOUDY          6

AVERAGE RH (PERCENT)     56

WEATHER CONDITIONS. NUMBER OF DAYS WITH
THUNDERSTORM              0     MIXED PRECIP               0
HEAVY RAIN                1     RAIN                       2
LIGHT RAIN               11     FREEZING RAIN              0
LT FREEZING RAIN          0     HAIL                       0
HEAVY SNOW                0     SNOW                       0
LIGHT SNOW                0     SLEET                      0
FOG                      12     FOG W/VIS <= 1/4 MILE      2
HAZE                      8

-  INDICATES NEGATIVE NUMBERS.
R  INDICATES RECORD WAS SET OR TIED.
MM INDICATES DATA IS MISSING.
T  INDICATES TRACE AMOUNT.

$$
