000
CXUS53 KGLD 011734
CLMMCK

CLIMATE REPORT
NATIONAL WEATHER SERVICE GOODLAND
1134 AM MDT WED APR 1 2015

...................................

...THE MCCOOK CLIMATE SUMMARY FOR THE MONTH OF MARCH 2015...

CLIMATE NORMAL PERIOD 1981 TO 2010
CLIMATE RECORD PERIOD 1896 TO 2015

WEATHER         OBSERVED          NORMAL  DEPART  LAST YEAR`S
                 VALUE   DATE(S)  VALUE   FROM    VALUE  DATE(S)
                                          NORMAL
................................................................
TEMPERATURE (F)
RECORD
 HIGH              93   03/16/2015
                        03/30/1943
                        03/10/1989
 LOW              -20   03/03/1960
HIGHEST            93R  03/16        80      13       79  03/09
LOWEST              7   03/05         9      -2       -3  03/02
AVG. MAXIMUM     66.4              54.1    12.3     55.8
AVG. MINIMUM     28.6              24.6     4.0     24.5
MEAN             47.5              39.4     8.1     40.1
DAYS MAX >= 90      1               0.0     1.0        0
DAYS MAX <= 32      0               2.3    -2.3        2
DAYS MIN <= 32     20              25.0    -5.0       25
DAYS MIN <= 0       0               0.6    -0.6        1

PRECIPITATION (INCHES)
RECORD
 MAXIMUM         4.20   1977
 MINIMUM         0.00   1968
TOTALS           0.03              1.36   -1.33     0.26
DAILY AVG.       0.00              0.04   -0.04     0.01
DAYS >= .01         2               5.9    -3.9        4
DAYS >= .10         0               3.1    -3.1        1
DAYS >= .50         0               0.8    -0.8        0
DAYS >= 1.00        0               0.2    -0.2        0
GREATEST
 24 HR. TOTAL    0.02   03/25 TO 03/25              0.16
 STORM TOTAL       MM
 (MM/DD(HH))            MM

.................................................................

-  INDICATES NEGATIVE NUMBERS.
R  INDICATES RECORD WAS SET OR TIED.
MM INDICATES DATA IS MISSING.
T  INDICATES TRACE AMOUNT.

$$
