000
CXUS53 KDVN 011048
CLMMLI


CLIMATE REPORT
NATIONAL WEATHER SERVICE QUAD CITIES IA IL
542 AM CDT WED APR 1 2015

...................................

...THE MOLINE CLIMATE SUMMARY FOR THE MONTH OF MARCH 2015...

CLIMATE NORMAL PERIOD 1981 TO 2010
CLIMATE RECORD PERIOD 1872 TO 2015

WEATHER         OBSERVED          NORMAL  DEPART
                 VALUE   DATE(S)  VALUE   FROM
                                          NORMAL
................................................
TEMPERATURE (F)
RECORD
 HIGH              88   03/29/1986
 LOW              -19   03/06/1960
HIGHEST            80   03/16        56      24
LOWEST              0   03/06        24     -24
AVG. MAXIMUM     49.8              48.8     1.0
AVG. MINIMUM     25.2              29.4    -4.2
MEAN             37.5              39.1    -1.6
DAYS MAX >= 90      0               0.0     0.0
DAYS MAX <= 32      4               2.8     1.2
DAYS MIN <= 32     21              19.1     1.9
DAYS MIN <= 0       1               0.1     0.9

PRECIPITATION (INCHES)
RECORD
 MAXIMUM         7.43   1973
 MINIMUM         0.17   1885
TOTALS           0.89              2.86   -1.97
DAILY AVG.       0.03              0.09   -0.06
DAYS >= .01         4              10.1    -6.1
DAYS >= .10         3
DAYS >= .50         0
DAYS >= 1.00        0               0.6    -0.6
GREATEST
 24 HR. TOTAL    0.32   03/23 TO 03/23

SNOWFALL (INCHES)
RECORDS
 TOTAL           24.8   1923
TOTALS            0.1               4.0    -3.9
SINCE 7/1        39.1              30.7     8.4
SNOWDEPTH AVG.      1
DAYS >= TRACE       2               3.2    -1.2
DAYS >= 1.0         0               1.4    -1.4
GREATEST
 SNOW DEPTH         5   03/01
 24 HR TOTAL      0.1   MM

DEGREE_DAYS
HEATING TOTAL     843               804      39
 SINCE 7/1       6101              5602     499
COOLING TOTAL       0                 1      -1
 SINCE 1/1          0                 1      -1
.................................................

WIND (MPH)
AVERAGE WIND SPEED              8.8
HIGHEST WIND SPEED/DIRECTION    30/300    DATE  03/29
HIGHEST GUST SPEED/DIRECTION    41/300    DATE  03/29

SKY COVER
POSSIBLE SUNSHINE (PERCENT)   MM
AVERAGE SKY COVER           0.30
NUMBER OF DAYS FAIR           23
NUMBER OF DAYS PC              4
NUMBER OF DAYS CLOUDY          4

AVERAGE RH (PERCENT)     62

WEATHER CONDITIONS. NUMBER OF DAYS WITH
THUNDERSTORM              0     HAIL                       0
SLEET                     1     FOG                       14
FOG W/VIS <= 1/4 MILE     3     HAZE                      14

-  INDICATES NEGATIVE NUMBERS.
R  INDICATES RECORD WAS SET OR TIED.
MM INDICATES DATA IS MISSING.
T  INDICATES TRACE AMOUNT.

$$
