000
CXUS53 KEAX 021452
CLMSTJ

CLIMATE REPORT
NATIONAL WEATHER SERVICE KANSAS CITY/PLEASANT HILL MO
947 AM CDT THU APR 2 2015

...................................

...THE ST. JOSEPH MO CLIMATE SUMMARY FOR THE MONTH OF MARCH 2015...

CLIMATE NORMAL PERIOD 1981 TO 2010
CLIMATE RECORD PERIOD 1892 TO 2015

WEATHER         OBSERVED          NORMAL  DEPART  LAST YEAR`S
                 VALUE   DATE(S)  VALUE   FROM    VALUE  DATE(S)
                                          NORMAL
................................................................
TEMPERATURE (F)
RECORD
 HIGH              90   03/31/1966
 LOW              -13   03/04/1978
HIGHEST            85   03/16        78       7       81  03/31
LOWEST              3   03/05        14     -11       -7  03/03
AVG. MAXIMUM     59.2              54.5     4.7     52.4
AVG. MINIMUM     30.4              31.4    -1.0     24.0
MEAN             44.5              42.9     1.6     38.2
DAYS MAX >= 90      0               0.0     0.0        0
DAYS MAX <= 32      2               1.1     0.9        3
DAYS MIN <= 32     16              16.2    -0.2       23
DAYS MIN <= 0       0               0.0     0.0        1

PRECIPITATION (INCHES)
RECORD
 MAXIMUM         7.30   1973
 MINIMUM         0.14   1936
TOTALS           1.33              2.25   -0.92     0.41
DAILY AVG.       0.04              0.07   -0.03     0.01
DAYS >= .01         4               8.6    -4.6        5
DAYS >= .10         3               4.9    -1.9        1
DAYS >= .50         1               1.5    -0.5        0
DAYS >= 1.00        0               0.4    -0.4        0
GREATEST
 24 HR. TOTAL    0.95   03/24 TO 03/24

DEGREE_DAYS
HEATING TOTAL     607               685     -78      826
 SINCE 7/1       5131              4993     138     5766
COOLING TOTAL       1                 2      -1        0
 SINCE 1/1          1                 2      -1        0
.................................................................

WIND (MPH)
AVERAGE WIND SPEED              8.5
HIGHEST WIND SPEED/DIRECTION    31/010    DATE  03/17
HIGHEST GUST SPEED/DIRECTION    40/010    DATE  03/17

SKY COVER
POSSIBLE SUNSHINE (PERCENT)    0
AVERAGE SKY COVER           0.20
NUMBER OF DAYS FAIR           22
NUMBER OF DAYS PC              5
NUMBER OF DAYS CLOUDY          4

AVERAGE RH (PERCENT)     59

WEATHER CONDITIONS. NUMBER OF DAYS WITH
THUNDERSTORM              0     MIXED PRECIP               0
HEAVY RAIN                1     RAIN                       2
LIGHT RAIN                5     FREEZING RAIN              0
LT FREEZING RAIN          0     HAIL                       0
HEAVY SNOW                0     SNOW                       0
LIGHT SNOW                2     SLEET                      0
FOG                      15     FOG W/VIS <= 1/4 MILE      4
HAZE                     11

-  INDICATES NEGATIVE NUMBERS.
R  INDICATES RECORD WAS SET OR TIED.
MM INDICATES DATA IS MISSING.
T  INDICATES TRACE AMOUNT.

$$
