000
CXUS54 KCRP 011855
CLMVCT

CLIMATE REPORT
NATIONAL WEATHER SERVICE CORPUS CHRISTI TX
139 PM CDT WED APR 1 2015

...................................

...THE VICTORIA CLIMATE SUMMARY FOR THE MONTH OF MARCH 2015...

CLIMATE NORMAL PERIOD 1981 TO 2010
CLIMATE RECORD PERIOD 1893 TO 2015

WEATHER         OBSERVED          NORMAL  DEPART  LAST YEAR`S
                 VALUE   DATE(S)  VALUE   FROM    VALUE  DATE(S)
                                          NORMAL
................................................................
TEMPERATURE (F)
RECORD
 HIGH              99   03/26/1928
 LOW               21   03/04/2002
                        03/02/1980
HIGHEST            82   03/31        74       8       89  03/28
                        03/28
LOWEST             31   03/06        53     -22       28  03/03
AVG. MAXIMUM     71.5              74.2    -2.7     70.6
AVG. MINIMUM     53.0              52.5     0.5     49.1
MEAN             62.2              63.4    -1.2     59.9
DAYS MAX >= 90      0               0.2    -0.2        0
DAYS MAX <= 32      0               0.0     0.0        0
DAYS MIN <= 32      1               0.7     0.3        2
DAYS MIN <= 0       0               0.0     0.0        0

PRECIPITATION (INCHES)
RECORD
 MAXIMUM        11.61   1997
 MINIMUM         0.00   1916
TOTALS           8.37              2.77    5.60     1.62
DAILY AVG.       0.27              0.09    0.18     0.05
DAYS >= .01        11               7.1     3.9        9
DAYS >= .10         8               3.8     4.2        5
DAYS >= .50         5               1.6     3.4        1
DAYS >= 1.00        4               0.9     3.1        0
GREATEST
 24 HR. TOTAL    2.90   03/09 TO 03/09


SNOWFALL (INCHES)
RECORDS
 TOTAL            0.0   MM
 24 HR TOTAL      0.0   MM
TOTALS            0.0               0.0     0.0      0.0
SINCE 7/1         0.0               0.1    -0.1        T
SNOWDEPTH AVG.      0                MM      MM        0
DAYS >= 1.0         0               0.0     0.0        0
GREATEST
 SNOW DEPTH         0   MM                             0
 24 HR TOTAL      0.0   MM                           0.0

DEGREE_DAYS
HEATING TOTAL     139               125      14      205
 SINCE 7/1       1219              1218       1     1458
COOLING TOTAL      60                74     -14       52
 SINCE 1/1         75               112     -37      110
..................................................

WIND (MPH)
AVERAGE WIND SPEED              9.0
HIGHEST WIND SPEED/DIRECTION    32/010    DATE  03/05
HIGHEST GUST SPEED/DIRECTION    46/010    DATE  03/05

SKY COVER
AVERAGE SKY COVER           0.60

AVERAGE RH (PERCENT)     80

WEATHER CONDITIONS. NUMBER OF DAYS WITH
THUNDERSTORM              0     MIXED PRECIP               0
HEAVY RAIN                7     RAIN                       8
LIGHT RAIN               14     FREEZING RAIN              0
LT FREEZING RAIN          0     HAIL                       0
HEAVY SNOW                0     SNOW                       0
LIGHT SNOW                1     SLEET                      0
FOG                      24     FOG W/VIS <= 1/4 MILE      7
HAZE                      2

-  INDICATES NEGATIVE NUMBERS.
R  INDICATES RECORD WAS SET OR TIED.
MM INDICATES DATA IS MISSING.
T  INDICATES TRACE AMOUNT.

$$

88
