000
CDUS43 KFSD 280634
CLIFSD


CLIMATE REPORT
NATIONAL WEATHER SERVICE SIOUX FALLS SD
132 AM CDT TUE APR 28 2015


...................................

...THE SIOUX FALLS SD CLIMATE SUMMARY FOR APRIL 27 2015...

CLIMATE NORMAL PERIOD 1981 TO 2010
CLIMATE RECORD PERIOD 1893 TO 2015


WEATHER ITEM   OBSERVED TIME   RECORD YEAR NORMAL DEPARTURE LAST
                VALUE   (LST)  VALUE       VALUE  FROM      YEAR
                                                  NORMAL
..................................................................
TEMPERATURE (F)
 YESTERDAY
  MAXIMUM         70    423 PM  91    1981  64      6       56
  MINIMUM         32    549 AM  21    1909  39     -7       44
  AVERAGE         51                        51      0       50

PRECIPITATION (IN)
  YESTERDAY        0.00          0.87 2002   0.11  -0.11     0.01
  MONTH TO DATE    1.00                      2.70  -1.70     0.81
  SINCE MAR 1      1.33                      4.46  -3.13     1.52
  SINCE JAN 1      2.55                      5.62  -3.07     2.51

SNOWFALL (IN)
  YESTERDAY        0.0           3.5  1893   0.1   -0.1      0.0
  MONTH TO DATE    T                         4.4   -4.4      3.4
  SINCE MAR 1      1.7                      12.8  -11.1     11.1
  SINCE JUL 1     31.9                      44.3  -12.4     45.3
  SNOW DEPTH       0

DEGREE DAYS
 HEATING
  YESTERDAY       14                        14      0       15
  MONTH TO DATE  395                       522   -127      505
  SINCE MAR 1   1215                      1517   -302     1606
  SINCE JUL 1   6964                      7367   -403     7953

 COOLING
  YESTERDAY        0                         0      0        0
  MONTH TO DATE    4                         0      4        0
  SINCE MAR 1      4                         0      4        0
  SINCE JAN 1      4                         0      4        0
..................................................................


WIND (MPH)
  HIGHEST WIND SPEED    10   HIGHEST WIND DIRECTION     N (20)
  HIGHEST GUST SPEED    14   HIGHEST GUST DIRECTION     N (20)
  AVERAGE WIND SPEED     3.5


SKY COVER
  POSSIBLE SUNSHINE  MM
  AVERAGE SKY COVER 0.5


WEATHER CONDITIONS
 THE FOLLOWING WEATHER WAS RECORDED YESTERDAY.
  NO SIGNIFICANT WEATHER WAS OBSERVED.


RELATIVE HUMIDITY (PERCENT)
 HIGHEST    75           200 AM
 LOWEST     18           400 PM
 AVERAGE    47

..........................................................


THE SIOUX FALLS SD CLIMATE NORMALS FOR TODAY
                         NORMAL    RECORD    YEAR
 MAXIMUM TEMPERATURE (F)   64        98      1910
 MINIMUM TEMPERATURE (F)   40        24      1950


SUNRISE AND SUNSET
APRIL 28 2015.........SUNRISE   624 AM CDT   SUNSET   825 PM CDT
APRIL 29 2015.........SUNRISE   623 AM CDT   SUNSET   827 PM CDT


-  INDICATES NEGATIVE NUMBERS.
R  INDICATES RECORD WAS SET OR TIED.
MM INDICATES DATA IS MISSING.
T  INDICATES TRACE AMOUNT.




$$
